Last updated on 2024-05-04 03:50:20 CEST.
Flavor | Version | Tinstall | Tcheck | Ttotal | Status | Flags |
---|---|---|---|---|---|---|
r-devel-linux-x86_64-debian-clang | 0.1.1 | 6.68 | 54.62 | 61.30 | OK | |
r-devel-linux-x86_64-fedora-clang | 0.1.1 | 79.59 | OK | |||
r-devel-linux-x86_64-fedora-gcc | 0.1.1 | 70.57 | OK | |||
r-devel-windows-x86_64 | 0.1.1 | 8.00 | 61.00 | 69.00 | OK | |
r-patched-linux-x86_64 | 0.1.1 | 7.30 | 51.64 | 58.94 | OK | |
r-release-linux-x86_64 | 0.1.1 | 5.56 | 51.55 | 57.11 | OK | |
r-release-macos-arm64 | 0.1.1 | 26.00 | OK | |||
r-release-windows-x86_64 | 0.1.1 | 8.00 | 57.00 | 65.00 | ERROR | |
r-oldrel-macos-arm64 | 0.1.1 | 29.00 | OK | |||
r-oldrel-macos-x86_64 | 0.1.1 | 39.00 | OK | |||
r-oldrel-windows-x86_64 | 0.1.1 | 9.00 | 67.00 | 76.00 | OK |
Version: 0.1.1
Check: examples
Result: ERROR
Running examples in 'genSEIR-Ex.R' failed
The error most likely occurred in:
> ### Name: getDataCOVID
> ### Title: Get COVID-19 Data
> ### Aliases: getDataCOVID
>
> ### ** Examples
>
> covidData = getDataCOVID(country = "Italy",
+ start = "05/01/20",
+ finish = "12/31/20")
Warning in file(file, "rt") :
URL 'https://raw.githubusercontent.com/CSSEGISandData/COVID-19/master/csse_covid_19_data/csse_covid_19_time_series/time_series_covid19_confirmed_global.csv': status was 'SSL connect error'
Error in file(file, "rt") :
cannot open the connection to 'https://raw.githubusercontent.com/CSSEGISandData/COVID-19/master/csse_covid_19_data/csse_covid_19_time_series/time_series_covid19_confirmed_global.csv'
Calls: getDataCOVID -> read.csv -> read.table -> file
Execution halted
Flavor: r-release-windows-x86_64