Last updated on 2024-05-07 15:48:26 CEST.
Flavor | Version | Tinstall | Tcheck | Ttotal | Status | Flags |
---|---|---|---|---|---|---|
r-devel-linux-x86_64-debian-clang | 0.1.1 | 2.74 | 29.33 | 32.07 | NOTE | |
r-devel-linux-x86_64-debian-gcc | 0.1.1 | 1.79 | 22.08 | 23.87 | NOTE | |
r-devel-linux-x86_64-fedora-clang | 0.1.1 | 44.49 | NOTE | |||
r-devel-linux-x86_64-fedora-gcc | 0.1.1 | 58.92 | NOTE | |||
r-devel-windows-x86_64 | 0.1.1 | 4.00 | 45.00 | 49.00 | NOTE | |
r-patched-linux-x86_64 | 0.1.1 | 2.62 | 28.09 | 30.71 | NOTE | |
r-release-linux-x86_64 | 0.1.1 | 1.81 | 27.86 | 29.67 | NOTE | |
r-release-macos-arm64 | 0.1.1 | 23.00 | NOTE | |||
r-release-windows-x86_64 | 0.1.1 | 4.00 | 46.00 | 50.00 | NOTE | |
r-oldrel-macos-arm64 | 0.1.1 | 22.00 | NOTE | |||
r-oldrel-macos-x86_64 | 0.1.1 | 31.00 | NOTE | |||
r-oldrel-windows-x86_64 | 0.1.1 | 4.00 | 46.00 | 50.00 | NOTE |
Version: 0.1.1
Check: package dependencies
Result: NOTE
Package suggested but not available for checking: ‘geomarocdata’
Flavors: r-devel-linux-x86_64-debian-clang, r-devel-linux-x86_64-debian-gcc, r-devel-linux-x86_64-fedora-clang, r-devel-linux-x86_64-fedora-gcc, r-devel-windows-x86_64, r-patched-linux-x86_64, r-release-linux-x86_64, r-release-macos-arm64, r-release-windows-x86_64, r-oldrel-macos-arm64, r-oldrel-macos-x86_64, r-oldrel-windows-x86_64