Last updated on 2024-05-02 15:51:02 CEST.
Flavor | Version | Tinstall | Tcheck | Ttotal | Status | Flags |
---|---|---|---|---|---|---|
r-devel-linux-x86_64-debian-clang | 1.0-4 | 10.80 | 114.26 | 125.06 | OK | |
r-devel-linux-x86_64-debian-gcc | 1.0-4 | 7.85 | 80.68 | 88.53 | OK | |
r-devel-linux-x86_64-fedora-clang | 1.0-4 | 162.35 | NOTE | |||
r-devel-linux-x86_64-fedora-gcc | 1.0-4 | 153.12 | NOTE | |||
r-devel-windows-x86_64 | 1.0-4 | 11.00 | 102.00 | 113.00 | OK | |
r-patched-linux-x86_64 | 1.0-4 | 14.95 | 106.71 | 121.66 | OK | |
r-release-linux-x86_64 | 1.0-4 | 10.35 | 106.12 | 116.47 | OK | |
r-release-macos-arm64 | 1.0-4 | 41.00 | OK | |||
r-release-macos-x86_64 | 1.0-4 | 117.00 | OK | |||
r-release-windows-x86_64 | 1.0-4 | 10.00 | 102.00 | 112.00 | OK | |
r-oldrel-macos-arm64 | 1.0-4 | 49.00 | OK | |||
r-oldrel-macos-x86_64 | 1.0-4 | 86.00 | OK | |||
r-oldrel-windows-x86_64 | 1.0-4 | 13.00 | 126.00 | 139.00 | OK |
Version: 1.0-4
Check: data for non-ASCII characters
Result: NOTE
Note: found 1 marked UTF-8 string
Flavors: r-devel-linux-x86_64-fedora-clang, r-devel-linux-x86_64-fedora-gcc