Last updated on 2024-05-02 15:51:02 CEST.
Flavor | Version | Tinstall | Tcheck | Ttotal | Status | Flags |
---|---|---|---|---|---|---|
r-devel-linux-x86_64-debian-clang | 0.8.9 | 162.56 | 203.68 | 366.24 | OK | |
r-devel-linux-x86_64-debian-gcc | 0.8.9 | 112.15 | 150.50 | 262.65 | OK | |
r-devel-linux-x86_64-fedora-clang | 0.8.9 | 497.40 | OK | |||
r-devel-linux-x86_64-fedora-gcc | 0.8.9 | 476.00 | OK | |||
r-devel-windows-x86_64 | 0.8.9 | 128.00 | 197.00 | 325.00 | OK | |
r-patched-linux-x86_64 | 0.8.9 | 153.38 | 191.57 | 344.95 | OK | |
r-release-linux-x86_64 | 0.8.9 | 138.14 | 191.50 | 329.64 | OK | |
r-release-macos-arm64 | 0.8.9 | 100.00 | NOTE | |||
r-release-macos-x86_64 | 0.8.9 | 280.00 | NOTE | |||
r-release-windows-x86_64 | 0.8.9 | 129.00 | 201.00 | 330.00 | OK | |
r-oldrel-macos-arm64 | 0.8.9 | 116.00 | NOTE | |||
r-oldrel-macos-x86_64 | 0.8.9 | 234.00 | NOTE | |||
r-oldrel-windows-x86_64 | 0.8.9 | 154.00 | 249.00 | 403.00 | OK |
Version: 0.8.9
Check: installed package size
Result: NOTE
installed size is 7.0Mb
sub-directories of 1Mb or more:
libs 4.9Mb
Flavors: r-release-macos-arm64, r-release-macos-x86_64, r-oldrel-macos-arm64, r-oldrel-macos-x86_64