Last updated on 2024-05-02 04:00:19 CEST.
Flavor | Version | Tinstall | Tcheck | Ttotal | Status | Flags |
---|---|---|---|---|---|---|
r-devel-linux-x86_64-debian-clang | 1.1.0 | 38.58 | 276.82 | 315.40 | OK | |
r-devel-linux-x86_64-debian-gcc | 1.1.0 | 28.65 | 195.20 | 223.85 | OK | |
r-devel-linux-x86_64-fedora-clang | 1.1.0 | 390.86 | NOTE | |||
r-devel-linux-x86_64-fedora-gcc | 1.1.0 | 381.38 | NOTE | |||
r-devel-windows-x86_64 | 1.1.0 | 30.00 | 218.00 | 248.00 | OK | |
r-patched-linux-x86_64 | 1.1.0 | 35.89 | 253.87 | 289.76 | OK | |
r-release-linux-x86_64 | 1.1.0 | 34.15 | 255.50 | 289.65 | OK | |
r-release-macos-arm64 | 1.1.0 | 100.00 | OK | |||
r-release-windows-x86_64 | 1.1.0 | 30.00 | 244.00 | 274.00 | OK | |
r-oldrel-macos-arm64 | 1.1.0 | 119.00 | OK | |||
r-oldrel-macos-x86_64 | 1.1.0 | 179.00 | OK | |||
r-oldrel-windows-x86_64 | 1.1.0 | 38.00 | 260.00 | 298.00 | OK |
Version: 1.1.0
Check: dependencies in R code
Result: NOTE
Namespace in Imports field not imported from: ‘methods’
All declared Imports should be used.
Flavors: r-devel-linux-x86_64-fedora-clang, r-devel-linux-x86_64-fedora-gcc
Version: 1.1.0
Check: data for non-ASCII characters
Result: NOTE
Note: found 11 marked UTF-8 strings
Flavors: r-devel-linux-x86_64-fedora-clang, r-devel-linux-x86_64-fedora-gcc