Last updated on 2024-05-02 04:00:19 CEST.
Flavor | Version | Tinstall | Tcheck | Ttotal | Status | Flags |
---|---|---|---|---|---|---|
r-devel-linux-x86_64-debian-clang | 4.1-8 | 149.18 | 290.67 | 439.85 | OK | |
r-devel-linux-x86_64-debian-gcc | 4.1-8 | 119.82 | 223.80 | 343.62 | OK | |
r-devel-linux-x86_64-fedora-clang | 4.1-8 | 555.73 | OK | |||
r-devel-linux-x86_64-fedora-gcc | 4.1-8 | 627.70 | OK | |||
r-devel-windows-x86_64 | 4.1-8 | 103.00 | 384.00 | 487.00 | OK | |
r-patched-linux-x86_64 | 4.1-8 | 139.26 | 283.52 | 422.78 | OK | |
r-release-linux-x86_64 | 4.1-8 | 157.39 | 291.45 | 448.84 | OK | |
r-release-macos-arm64 | 4.1-8 | 150.00 | NOTE | |||
r-release-windows-x86_64 | 4.1-8 | 100.00 | 382.00 | 482.00 | OK | |
r-oldrel-macos-arm64 | 4.1-8 | 173.00 | NOTE | |||
r-oldrel-macos-x86_64 | 4.1-8 | 318.00 | NOTE | |||
r-oldrel-windows-x86_64 | 4.1-8 | 126.00 | 401.00 | 527.00 | OK |
Version: 4.1-8
Check: installed package size
Result: NOTE
installed size is 33.6Mb
sub-directories of 1Mb or more:
libs 31.7Mb
Flavors: r-release-macos-arm64, r-oldrel-macos-arm64, r-oldrel-macos-x86_64