Last updated on 2024-05-07 03:59:33 CEST.
Flavor | Version | Tinstall | Tcheck | Ttotal | Status | Flags |
---|---|---|---|---|---|---|
r-devel-linux-x86_64-debian-clang | 0.16 | 286.25 | 141.02 | 427.27 | OK | |
r-devel-linux-x86_64-debian-gcc | 0.16 | 245.47 | 101.51 | 346.98 | OK | |
r-devel-linux-x86_64-fedora-clang | 0.16 | 621.96 | OK | |||
r-devel-linux-x86_64-fedora-gcc | 0.16 | 710.48 | OK | |||
r-devel-windows-x86_64 | 0.16 | 233.00 | 144.00 | 377.00 | OK | |
r-patched-linux-x86_64 | 0.16 | 302.71 | 131.97 | 434.68 | OK | |
r-release-linux-x86_64 | 0.16 | 294.02 | 135.34 | 429.36 | OK | |
r-release-macos-arm64 | 0.16 | 118.00 | NOTE | |||
r-release-windows-x86_64 | 0.16 | 231.00 | 148.00 | 379.00 | OK | |
r-oldrel-macos-arm64 | 0.16 | 127.00 | NOTE | |||
r-oldrel-macos-x86_64 | 0.16 | 178.00 | NOTE | |||
r-oldrel-windows-x86_64 | 0.16 | 273.00 | 176.00 | 449.00 | OK |
Version: 0.16
Check: installed package size
Result: NOTE
installed size is 13.3Mb
sub-directories of 1Mb or more:
libs 12.8Mb
Flavors: r-release-macos-arm64, r-oldrel-macos-arm64, r-oldrel-macos-x86_64