Last updated on 2024-05-05 15:53:46 CEST.
Flavor | Version | Tinstall | Tcheck | Ttotal | Status | Flags |
---|---|---|---|---|---|---|
r-devel-linux-x86_64-debian-clang | 1.2.0 | 89.97 | 201.42 | 291.39 | NOTE | |
r-devel-linux-x86_64-debian-gcc | 1.2.0 | 66.09 | 161.58 | 227.67 | OK | |
r-devel-linux-x86_64-fedora-clang | 1.2.0 | 428.67 | NOTE | |||
r-devel-linux-x86_64-fedora-gcc | 1.2.0 | 408.92 | OK | |||
r-devel-windows-x86_64 | 1.2.0 | 70.00 | 190.00 | 260.00 | NOTE | |
r-patched-linux-x86_64 | 1.2.0 | 81.22 | 207.05 | 288.27 | OK | |
r-release-linux-x86_64 | 1.2.0 | 60.10 | 204.95 | 265.05 | OK | |
r-release-macos-arm64 | 1.2.0 | 110.00 | NOTE | |||
r-release-windows-x86_64 | 1.2.0 | 70.00 | 189.00 | 259.00 | NOTE | |
r-oldrel-macos-arm64 | 1.2.0 | 108.00 | NOTE | |||
r-oldrel-macos-x86_64 | 1.2.0 | 231.00 | NOTE | |||
r-oldrel-windows-x86_64 | 1.2.0 | 84.00 | 235.00 | 319.00 | NOTE |
Version: 1.2.0
Check: package dependencies
Result: NOTE
Package suggested but not available for checking: ‘SingleCellExperiment’
Flavor: r-devel-linux-x86_64-debian-clang
Version: 1.2.0
Check: installed package size
Result: NOTE
installed size is 6.2Mb
sub-directories of 1Mb or more:
data 2.7Mb
doc 2.6Mb
Flavors: r-devel-linux-x86_64-fedora-clang, r-devel-windows-x86_64, r-release-macos-arm64, r-release-windows-x86_64, r-oldrel-macos-arm64, r-oldrel-macos-x86_64, r-oldrel-windows-x86_64