Last updated on 2024-05-07 03:59:33 CEST.
Flavor | Version | Tinstall | Tcheck | Ttotal | Status | Flags |
---|---|---|---|---|---|---|
r-devel-linux-x86_64-debian-clang | 0.5.4 | 406.96 | 422.39 | 829.35 | OK | |
r-devel-linux-x86_64-debian-gcc | 0.5.4 | 326.07 | 337.21 | 663.28 | OK | |
r-devel-linux-x86_64-fedora-clang | 0.5.4 | 1110.34 | NOTE | |||
r-devel-linux-x86_64-fedora-gcc | 0.5.4 | 1269.77 | NOTE | |||
r-devel-windows-x86_64 | 0.5.4 | 308.00 | 409.00 | 717.00 | NOTE | |
r-patched-linux-x86_64 | 0.5.4 | 401.33 | 421.17 | 822.50 | OK | |
r-release-linux-x86_64 | 0.5.4 | 300.26 | 429.68 | 729.94 | OK | |
r-release-macos-arm64 | 0.5.4 | 247.00 | NOTE | |||
r-release-macos-x86_64 | 0.5.4 | 599.00 | NOTE | |||
r-release-windows-x86_64 | 0.5.4 | 305.00 | 411.00 | 716.00 | NOTE | |
r-oldrel-macos-arm64 | 0.5.4 | 265.00 | NOTE | |||
r-oldrel-macos-x86_64 | 0.5.4 | 509.00 | NOTE | |||
r-oldrel-windows-x86_64 | 0.5.4 | 376.00 | 501.00 | 877.00 | NOTE |
Version: 0.5.4
Check: installed package size
Result: NOTE
installed size is 6.2Mb
sub-directories of 1Mb or more:
doc 2.2Mb
libs 2.1Mb
Flavors: r-devel-linux-x86_64-fedora-clang, r-devel-windows-x86_64, r-release-macos-arm64, r-release-macos-x86_64, r-release-windows-x86_64, r-oldrel-macos-arm64, r-oldrel-macos-x86_64, r-oldrel-windows-x86_64
Version: 0.5.4
Check: dependencies in R code
Result: NOTE
Namespace in Imports field not imported from: ‘R6’
All declared Imports should be used.
Flavors: r-devel-linux-x86_64-fedora-clang, r-devel-linux-x86_64-fedora-gcc