Last updated on 2024-05-19 15:50:50 CEST.
Flavor | Version | Tinstall | Tcheck | Ttotal | Status | Flags |
---|---|---|---|---|---|---|
r-devel-linux-x86_64-debian-clang | 0.2-2 | 4.74 | 49.54 | 54.28 | NOTE | |
r-devel-linux-x86_64-debian-gcc | 0.2-2 | 4.30 | 36.57 | 40.87 | NOTE | |
r-devel-linux-x86_64-fedora-clang | 0.2-2 | 67.73 | NOTE | |||
r-devel-linux-x86_64-fedora-gcc | 0.2-2 | 122.21 | NOTE | |||
r-devel-windows-x86_64 | 0.2-2 | 5.00 | 54.00 | 59.00 | NOTE | |
r-patched-linux-x86_64 | 0.2-2 | 5.98 | 47.14 | 53.12 | NOTE | |
r-release-linux-x86_64 | 0.2-2 | 4.25 | 47.69 | 51.94 | NOTE | |
r-release-macos-arm64 | 0.2-2 | 21.00 | NOTE | |||
r-release-windows-x86_64 | 0.2-2 | 5.00 | 54.00 | 59.00 | NOTE | |
r-oldrel-macos-arm64 | 0.2-2 | 23.00 | NOTE | |||
r-oldrel-macos-x86_64 | 0.2-2 | 35.00 | NOTE | |||
r-oldrel-windows-x86_64 | 0.2-2 | 5.00 | 60.00 | 65.00 | NOTE |
Version: 0.2-2
Check: package dependencies
Result: NOTE
Package which this enhances but not available for checking: ‘HadoopStreaming’
Flavors: r-devel-linux-x86_64-debian-clang, r-devel-linux-x86_64-debian-gcc, r-devel-linux-x86_64-fedora-clang, r-devel-linux-x86_64-fedora-gcc, r-devel-windows-x86_64, r-patched-linux-x86_64, r-release-linux-x86_64, r-release-macos-arm64, r-release-windows-x86_64, r-oldrel-macos-arm64, r-oldrel-macos-x86_64, r-oldrel-windows-x86_64