Last updated on 2024-05-03 03:58:50 CEST.
Flavor | Version | Tinstall | Tcheck | Ttotal | Status | Flags |
---|---|---|---|---|---|---|
r-devel-linux-x86_64-debian-clang | 1.6.15 | 185.22 | 50.65 | 235.87 | NOTE | |
r-devel-linux-x86_64-debian-gcc | 1.6.15 | 135.75 | 38.75 | 174.50 | NOTE | |
r-devel-linux-x86_64-fedora-clang | 1.6.15 | 371.26 | NOTE | |||
r-devel-linux-x86_64-fedora-gcc | 1.6.15 | 344.84 | NOTE | |||
r-devel-windows-x86_64 | 1.6.15 | 201.00 | 92.00 | 293.00 | NOTE | |
r-patched-linux-x86_64 | 1.6.15 | 178.04 | 48.47 | 226.51 | NOTE | |
r-release-linux-x86_64 | 1.6.15 | 182.72 | 49.65 | 232.37 | NOTE | |
r-release-macos-arm64 | 1.6.15 | 137.00 | NOTE | |||
r-release-macos-x86_64 | 1.6.15 | 216.00 | NOTE | |||
r-release-windows-x86_64 | 1.6.15 | 196.00 | 90.00 | 286.00 | NOTE | |
r-oldrel-macos-arm64 | 1.6.15 | 144.00 | NOTE | |||
r-oldrel-macos-x86_64 | 1.6.15 | 179.00 | NOTE | |||
r-oldrel-windows-x86_64 | 1.6.15 | 237.00 | 99.00 | 336.00 | NOTE |
Version: 1.6.15
Check: for GNU extensions in Makefiles
Result: NOTE
GNU make is a SystemRequirements.
Flavors: r-devel-linux-x86_64-debian-clang, r-devel-linux-x86_64-debian-gcc, r-devel-linux-x86_64-fedora-clang, r-devel-linux-x86_64-fedora-gcc, r-devel-windows-x86_64, r-patched-linux-x86_64, r-release-linux-x86_64, r-release-macos-arm64, r-release-macos-x86_64, r-release-windows-x86_64, r-oldrel-macos-arm64, r-oldrel-macos-x86_64, r-oldrel-windows-x86_64
Version: 1.6.15
Check: installed package size
Result: NOTE
installed size is 9.0Mb
sub-directories of 1Mb or more:
libs 8.6Mb
Flavors: r-release-macos-arm64, r-release-macos-x86_64, r-oldrel-macos-arm64, r-oldrel-macos-x86_64