Last updated on 2024-05-07 15:48:28 CEST.
Flavor | Version | Tinstall | Tcheck | Ttotal | Status | Flags |
---|---|---|---|---|---|---|
r-devel-linux-x86_64-debian-clang | 5.2 | 156.53 | 274.37 | 430.90 | NOTE | |
r-devel-linux-x86_64-debian-gcc | 5.2 | 143.44 | 206.41 | 349.85 | NOTE | |
r-devel-linux-x86_64-fedora-clang | 5.2 | 552.14 | NOTE | |||
r-devel-linux-x86_64-fedora-gcc | 5.2 | 770.41 | NOTE | |||
r-devel-windows-x86_64 | 5.2 | 137.00 | 221.00 | 358.00 | NOTE | |
r-patched-linux-x86_64 | 5.2 | 127.02 | 267.57 | 394.59 | NOTE | |
r-release-linux-x86_64 | 5.2 | 155.67 | 273.66 | 429.33 | NOTE | |
r-release-macos-arm64 | 5.2 | 145.00 | NOTE | |||
r-release-windows-x86_64 | 5.2 | 144.00 | 209.00 | 353.00 | NOTE | |
r-oldrel-macos-arm64 | 5.2 | 84.00 | NOTE | |||
r-oldrel-macos-x86_64 | 5.2 | 174.00 | NOTE | |||
r-oldrel-windows-x86_64 | 5.2 | 167.00 | 264.00 | 431.00 | NOTE |
Version: 5.2
Check: Rd files
Result: NOTE
checkRd: (-1) imInfer.Rd:34-35: Lost braces in \itemize; meant \describe ?
checkRd: (-1) imInfer.Rd:35-36: Lost braces in \itemize; meant \describe ?
checkRd: (-1) plot.IDEMDATA.Rd:22-23: Lost braces in \itemize; meant \describe ?
checkRd: (-1) plot.IDEMDATA.Rd:25: Lost braces in \itemize; meant \describe ?
checkRd: (-1) plot.IDEMDATA.Rd:27: Lost braces in \itemize; meant \describe ?
checkRd: (-1) plot.IDEMIMP.Rd:14: Lost braces in \itemize; meant \describe ?
checkRd: (-1) plot.IDEMIMP.Rd:15: Lost braces in \itemize; meant \describe ?
checkRd: (-1) plot.IDEMIMP.Rd:27-28: Lost braces in \itemize; meant \describe ?
checkRd: (-1) plot.IDEMIMP.Rd:30-32: Lost braces in \itemize; meant \describe ?
checkRd: (-1) plot.IDEMIMP.Rd:34: Lost braces in \itemize; meant \describe ?
checkRd: (-1) plot.IDEMIMP.Rd:36: Lost braces in \itemize; meant \describe ?
checkRd: (-1) plot.IDEMIMP.Rd:38: Lost braces in \itemize; meant \describe ?
checkRd: (-1) plot.IDEMIMP.Rd:40: Lost braces in \itemize; meant \describe ?
checkRd: (-1) plot.IDEMIMP.Rd:42: Lost braces in \itemize; meant \describe ?
checkRd: (-1) plot.IDEMIMP.Rd:44: Lost braces in \itemize; meant \describe ?
checkRd: (-1) plot.IDEMIMP.Rd:51-53: Lost braces in \itemize; meant \describe ?
checkRd: (-1) plot.IDEMIMP.Rd:55-58: Lost braces in \itemize; meant \describe ?
checkRd: (-1) plot.IDEMIMP.Rd:60-63: Lost braces in \itemize; meant \describe ?
checkRd: (-1) plot.IDEMIMP.Rd:65-66: Lost braces in \itemize; meant \describe ?
checkRd: (-1) plot.IDEMIMP.Rd:69-70: Lost braces in \itemize; meant \describe ?
checkRd: (-1) plot.IDEMIMP.Rd:72-73: Lost braces in \itemize; meant \describe ?
checkRd: (-1) plot.IDEMIMP.Rd:75: Lost braces in \itemize; meant \describe ?
checkRd: (-1) summary.IDEMDATA.Rd:15: Lost braces in \itemize; meant \describe ?
checkRd: (-1) summary.IDEMDATA.Rd:17-18: Lost braces in \itemize; meant \describe ?
checkRd: (-1) summary.IDEMDATA.Rd:20: Lost braces in \itemize; meant \describe ?
checkRd: (-1) summary.IDEMINFER.Rd:14: Lost braces in \itemize; meant \describe ?
checkRd: (-1) summary.IDEMINFER.Rd:15: Lost braces in \itemize; meant \describe ?
Flavors: r-devel-linux-x86_64-debian-clang, r-devel-linux-x86_64-debian-gcc, r-devel-linux-x86_64-fedora-clang, r-devel-linux-x86_64-fedora-gcc, r-devel-windows-x86_64, r-patched-linux-x86_64, r-release-linux-x86_64, r-release-macos-arm64, r-release-windows-x86_64
Version: 5.2
Check: for GNU extensions in Makefiles
Result: NOTE
GNU make is a SystemRequirements.
Flavors: r-devel-linux-x86_64-debian-clang, r-devel-linux-x86_64-debian-gcc, r-devel-linux-x86_64-fedora-clang, r-devel-linux-x86_64-fedora-gcc, r-devel-windows-x86_64, r-patched-linux-x86_64, r-release-linux-x86_64, r-release-macos-arm64, r-release-windows-x86_64, r-oldrel-macos-arm64, r-oldrel-macos-x86_64, r-oldrel-windows-x86_64
Version: 5.2
Check: installed package size
Result: NOTE
installed size is 38.4Mb
sub-directories of 1Mb or more:
doc 1.2Mb
libs 36.7Mb
Flavors: r-release-macos-arm64, r-oldrel-macos-arm64, r-oldrel-macos-x86_64