Last updated on 2024-05-11 03:51:56 CEST.
Flavor | Version | Tinstall | Tcheck | Ttotal | Status | Flags |
---|---|---|---|---|---|---|
r-devel-linux-x86_64-debian-clang | 2.0.2 | 38.11 | 420.27 | 458.38 | NOTE | |
r-devel-linux-x86_64-debian-gcc | 2.0.2 | 37.08 | 297.27 | 334.35 | NOTE | |
r-devel-linux-x86_64-fedora-clang | 2.0.2 | 468.13 | OK | |||
r-devel-linux-x86_64-fedora-gcc | 2.0.2 | 706.22 | OK | |||
r-devel-windows-x86_64 | 2.0.2 | 34.00 | 238.00 | 272.00 | OK | |
r-patched-linux-x86_64 | 2.0.2 | 29.54 | 393.43 | 422.97 | NOTE | |
r-release-linux-x86_64 | 2.0.2 | 27.10 | 384.06 | 411.16 | NOTE | |
r-release-macos-arm64 | 2.0.2 | 134.00 | NOTE | |||
r-release-windows-x86_64 | 2.0.2 | 35.00 | 234.00 | 269.00 | OK | |
r-oldrel-macos-arm64 | 2.0.2 | 143.00 | NOTE | |||
r-oldrel-macos-x86_64 | 2.0.2 | 334.00 | NOTE | |||
r-oldrel-windows-x86_64 | 2.0.2 | 45.00 | 329.00 | 374.00 | NOTE |
Version: 2.0.2
Check: package dependencies
Result: NOTE
Package suggested but not available for checking: ‘INLA’
Flavors: r-devel-linux-x86_64-debian-clang, r-devel-linux-x86_64-debian-gcc, r-patched-linux-x86_64, r-release-linux-x86_64, r-release-macos-arm64, r-oldrel-macos-arm64, r-oldrel-macos-x86_64, r-oldrel-windows-x86_64
Version: 2.0.2
Check: Rd cross-references
Result: NOTE
Package unavailable to check Rd xrefs: ‘INLA’
Flavors: r-devel-linux-x86_64-debian-clang, r-devel-linux-x86_64-debian-gcc, r-patched-linux-x86_64, r-release-linux-x86_64, r-release-macos-arm64, r-oldrel-macos-arm64, r-oldrel-macos-x86_64, r-oldrel-windows-x86_64