Last updated on 2024-05-13 03:49:34 CEST.
Flavor | Version | Tinstall | Tcheck | Ttotal | Status | Flags |
---|---|---|---|---|---|---|
r-devel-linux-x86_64-debian-clang | 0.2.3 | 13.72 | 155.96 | 169.68 | NOTE | |
r-devel-linux-x86_64-debian-gcc | 0.2.3 | 12.18 | 115.36 | 127.54 | NOTE | |
r-devel-linux-x86_64-fedora-clang | 0.2.3 | 219.01 | NOTE | |||
r-devel-linux-x86_64-fedora-gcc | 0.2.3 | 279.63 | NOTE | |||
r-devel-windows-x86_64 | 0.2.3 | 15.00 | 109.00 | 124.00 | NOTE | |
r-patched-linux-x86_64 | 0.2.3 | 15.57 | 147.47 | 163.04 | NOTE | |
r-release-linux-x86_64 | 0.2.3 | 14.24 | 146.28 | 160.52 | NOTE | |
r-release-macos-arm64 | 0.2.3 | 62.00 | NOTE | |||
r-release-windows-x86_64 | 0.2.3 | 15.00 | 111.00 | 126.00 | NOTE | |
r-oldrel-macos-arm64 | 0.2.3 | 66.00 | NOTE | |||
r-oldrel-macos-x86_64 | 0.2.3 | 109.00 | NOTE | |||
r-oldrel-windows-x86_64 | 0.2.3 | 18.00 | 140.00 | 158.00 | NOTE |
Version: 0.2.3
Check: LazyData
Result: NOTE
'LazyData' is specified without a 'data' directory
Flavors: r-devel-linux-x86_64-debian-clang, r-devel-linux-x86_64-debian-gcc, r-devel-linux-x86_64-fedora-clang, r-devel-linux-x86_64-fedora-gcc, r-devel-windows-x86_64, r-patched-linux-x86_64, r-release-linux-x86_64, r-release-macos-arm64, r-release-windows-x86_64, r-oldrel-macos-arm64, r-oldrel-macos-x86_64, r-oldrel-windows-x86_64