Last updated on 2024-05-11 03:51:56 CEST.
Flavor | Version | Tinstall | Tcheck | Ttotal | Status | Flags |
---|---|---|---|---|---|---|
r-devel-linux-x86_64-debian-clang | 0.6.1-1 | 195.61 | 71.14 | 266.75 | OK | |
r-devel-linux-x86_64-debian-gcc | 0.6.1-1 | 176.27 | 49.73 | 226.00 | OK | |
r-devel-linux-x86_64-fedora-clang | 0.6.1-1 | 386.52 | OK | |||
r-devel-linux-x86_64-fedora-gcc | 0.6.1-1 | 499.80 | OK | |||
r-devel-windows-x86_64 | 0.6.1-1 | 133.00 | 96.00 | 229.00 | OK | |
r-patched-linux-x86_64 | 0.6.1-1 | 217.23 | 69.40 | 286.63 | OK | |
r-release-linux-x86_64 | 0.6.1-1 | 215.87 | 69.06 | 284.93 | OK | |
r-release-macos-arm64 | 0.6.1-1 | 73.00 | NOTE | |||
r-release-macos-x86_64 | 0.6.1-1 | 215.00 | NOTE | |||
r-release-windows-x86_64 | 0.6.1-1 | 133.00 | 96.00 | 229.00 | OK | |
r-oldrel-macos-arm64 | 0.6.1-1 | 96.00 | NOTE | |||
r-oldrel-macos-x86_64 | 0.6.1-1 | 224.00 | NOTE | |||
r-oldrel-windows-x86_64 | 0.6.1-1 | 136.00 | 106.00 | 242.00 | OK |
Version: 0.6.1-1
Check: installed package size
Result: NOTE
installed size is 15.3Mb
sub-directories of 1Mb or more:
doc 1.6Mb
libs 13.4Mb
Flavors: r-release-macos-arm64, r-release-macos-x86_64, r-oldrel-macos-arm64, r-oldrel-macos-x86_64