Last updated on 2024-05-21 15:50:29 CEST.
Flavor | Version | Tinstall | Tcheck | Ttotal | Status | Flags |
---|---|---|---|---|---|---|
r-devel-linux-x86_64-debian-clang | 0.6.11 | 266.32 | 117.75 | 384.07 | OK | |
r-devel-linux-x86_64-debian-gcc | 0.6.11 | 202.20 | 106.39 | 308.59 | OK | |
r-devel-linux-x86_64-fedora-clang | 0.6.11 | 439.03 | OK | |||
r-devel-linux-x86_64-fedora-gcc | 0.6.11 | 577.41 | OK | |||
r-devel-windows-x86_64 | 0.6.11 | 176.00 | 160.00 | 336.00 | OK | |
r-patched-linux-x86_64 | 0.6.11 | 271.22 | 130.75 | 401.97 | OK | |
r-release-linux-x86_64 | 0.6.11 | 285.12 | 134.53 | 419.65 | OK | |
r-release-macos-arm64 | 0.6.11 | 114.00 | NOTE | |||
r-release-windows-x86_64 | 0.6.11 | 178.00 | 142.00 | 320.00 | OK | |
r-oldrel-macos-arm64 | 0.6.11 | 114.00 | NOTE | |||
r-oldrel-macos-x86_64 | 0.6.11 | 182.00 | NOTE | |||
r-oldrel-windows-x86_64 | 0.6.11 | 228.00 | 164.00 | 392.00 | OK |
Version: 0.6.11
Check: installed package size
Result: NOTE
installed size is 108.9Mb
sub-directories of 1Mb or more:
doc 1.6Mb
libs 106.6Mb
Flavors: r-release-macos-arm64, r-oldrel-macos-arm64, r-oldrel-macos-x86_64