Last updated on 2024-05-21 15:50:29 CEST.
Flavor | Version | Tinstall | Tcheck | Ttotal | Status | Flags |
---|---|---|---|---|---|---|
r-devel-linux-x86_64-debian-clang | 0.3.2 | 29.14 | 94.77 | 123.91 | OK | |
r-devel-linux-x86_64-debian-gcc | 0.3.2 | 21.26 | 70.63 | 91.89 | OK | |
r-devel-linux-x86_64-fedora-clang | 0.3.2 | 160.20 | OK | |||
r-devel-linux-x86_64-fedora-gcc | 0.3.2 | 158.83 | OK | |||
r-devel-windows-x86_64 | 0.3.2 | 27.00 | 127.00 | 154.00 | NOTE | |
r-patched-linux-x86_64 | 0.3.2 | 26.74 | 91.94 | 118.68 | OK | |
r-release-linux-x86_64 | 0.3.2 | 25.63 | 88.37 | 114.00 | OK | |
r-release-macos-arm64 | 0.3.2 | 52.00 | NOTE | |||
r-release-windows-x86_64 | 0.3.2 | 29.00 | 121.00 | 150.00 | NOTE | |
r-oldrel-macos-arm64 | 0.3.2 | 56.00 | NOTE | |||
r-oldrel-macos-x86_64 | 0.3.2 | 139.00 | NOTE | |||
r-oldrel-windows-x86_64 | 0.3.2 | 32.00 | 131.00 | 163.00 | NOTE |
Version: 0.3.2
Check: installed package size
Result: NOTE
installed size is 5.3Mb
sub-directories of 1Mb or more:
R 4.0Mb
libs 1.0Mb
Flavors: r-devel-windows-x86_64, r-release-macos-arm64, r-release-windows-x86_64, r-oldrel-macos-arm64, r-oldrel-macos-x86_64, r-oldrel-windows-x86_64