Last updated on 2024-05-21 03:55:22 CEST.
Flavor | Version | Tinstall | Tcheck | Ttotal | Status | Flags |
---|---|---|---|---|---|---|
r-devel-linux-x86_64-debian-clang | 1.2.1 | 17.78 | 187.57 | 205.35 | NOTE | |
r-devel-linux-x86_64-debian-gcc | 1.2.1 | 16.71 | 137.35 | 154.06 | NOTE | |
r-devel-linux-x86_64-fedora-clang | 1.2.1 | 260.06 | OK | |||
r-devel-linux-x86_64-fedora-gcc | 1.2.1 | 261.60 | OK | |||
r-devel-windows-x86_64 | 1.2.1 | 18.00 | 145.00 | 163.00 | OK | |
r-patched-linux-x86_64 | 1.2.1 | 18.05 | 179.19 | 197.24 | NOTE | |
r-release-linux-x86_64 | 1.2.1 | 16.96 | 178.64 | 195.60 | NOTE | |
r-release-macos-arm64 | 1.2.1 | 83.00 | NOTE | |||
r-release-macos-x86_64 | 1.2.1 | 261.00 | NOTE | |||
r-release-windows-x86_64 | 1.2.1 | 20.00 | 147.00 | 167.00 | OK | |
r-oldrel-macos-arm64 | 1.2.1 | 88.00 | NOTE | |||
r-oldrel-macos-x86_64 | 1.2.1 | 155.00 | NOTE | |||
r-oldrel-windows-x86_64 | 1.2.1 | 24.00 | 184.00 | 208.00 | NOTE |
Version: 1.2.1
Check: package dependencies
Result: NOTE
Package suggested but not available for checking: ‘INLA’
Flavors: r-devel-linux-x86_64-debian-clang, r-devel-linux-x86_64-debian-gcc, r-patched-linux-x86_64, r-release-linux-x86_64, r-release-macos-arm64, r-release-macos-x86_64, r-oldrel-macos-arm64, r-oldrel-macos-x86_64, r-oldrel-windows-x86_64
Version: 1.2.1
Check: Rd cross-references
Result: NOTE
Package unavailable to check Rd xrefs: ‘INLA’
Flavors: r-devel-linux-x86_64-debian-clang, r-devel-linux-x86_64-debian-gcc, r-patched-linux-x86_64, r-release-linux-x86_64, r-release-macos-arm64, r-release-macos-x86_64, r-oldrel-macos-arm64, r-oldrel-macos-x86_64, r-oldrel-windows-x86_64