Last updated on 2024-05-21 15:50:29 CEST.
Flavor | Version | Tinstall | Tcheck | Ttotal | Status | Flags |
---|---|---|---|---|---|---|
r-devel-linux-x86_64-debian-clang | 0.9.0 | 8.60 | 158.34 | 166.94 | OK | |
r-devel-linux-x86_64-debian-gcc | 0.9.0 | 7.12 | 113.11 | 120.23 | OK | |
r-devel-linux-x86_64-fedora-clang | 0.9.0 | 199.54 | NOTE | |||
r-devel-linux-x86_64-fedora-gcc | 0.9.0 | 206.78 | NOTE | |||
r-devel-windows-x86_64 | 0.9.0 | 11.00 | 125.00 | 136.00 | OK | |
r-patched-linux-x86_64 | 0.9.0 | 12.16 | 149.94 | 162.10 | OK | |
r-release-linux-x86_64 | 0.9.0 | 9.89 | 152.04 | 161.93 | OK | |
r-release-macos-arm64 | 0.9.0 | 53.00 | OK | |||
r-release-macos-x86_64 | 0.9.0 | 155.00 | OK | |||
r-release-windows-x86_64 | 0.9.0 | 10.00 | 123.00 | 133.00 | OK | |
r-oldrel-macos-arm64 | 0.9.0 | 71.00 | OK | |||
r-oldrel-macos-x86_64 | 0.9.0 | 130.00 | OK | |||
r-oldrel-windows-x86_64 | 0.9.0 | 12.00 | 147.00 | 159.00 | OK |
Version: 0.9.0
Check: data for non-ASCII characters
Result: NOTE
Note: found 13138 marked UTF-8 strings
Flavors: r-devel-linux-x86_64-fedora-clang, r-devel-linux-x86_64-fedora-gcc