Last updated on 2024-05-21 15:50:29 CEST.
Flavor | Version | Tinstall | Tcheck | Ttotal | Status | Flags |
---|---|---|---|---|---|---|
r-devel-linux-x86_64-debian-clang | 0.4.1 | 202.59 | 399.79 | 602.38 | NOTE | |
r-devel-linux-x86_64-debian-gcc | 0.4.1 | 139.64 | 282.52 | 422.16 | NOTE | |
r-devel-linux-x86_64-fedora-clang | 0.4.1 | 864.46 | NOTE | |||
r-devel-linux-x86_64-fedora-gcc | 0.4.1 | 853.37 | NOTE | |||
r-devel-windows-x86_64 | 0.4.1 | 154.00 | 300.00 | 454.00 | NOTE | |
r-patched-linux-x86_64 | 0.4.1 | 195.37 | 374.28 | 569.65 | NOTE | |
r-release-linux-x86_64 | 0.4.1 | 182.66 | 373.99 | 556.65 | NOTE | |
r-release-macos-arm64 | 0.4.1 | 285.00 | NOTE | |||
r-release-macos-x86_64 | 0.4.1 | 167.00 | NOTE | |||
r-release-windows-x86_64 | 0.4.1 | 168.00 | 296.00 | 464.00 | NOTE | |
r-oldrel-macos-arm64 | 0.4.1 | 110.00 | NOTE | |||
r-oldrel-macos-x86_64 | 0.4.1 | 168.00 | NOTE | |||
r-oldrel-windows-x86_64 | 0.4.1 | 177.00 | 353.00 | 530.00 | NOTE |
Version: 0.4.1
Check: for GNU extensions in Makefiles
Result: NOTE
GNU make is a SystemRequirements.
Flavors: r-devel-linux-x86_64-debian-clang, r-devel-linux-x86_64-debian-gcc, r-devel-linux-x86_64-fedora-clang, r-devel-linux-x86_64-fedora-gcc, r-devel-windows-x86_64, r-patched-linux-x86_64, r-release-linux-x86_64, r-release-macos-arm64, r-release-macos-x86_64, r-release-windows-x86_64, r-oldrel-macos-arm64, r-oldrel-macos-x86_64, r-oldrel-windows-x86_64
Version: 0.4.1
Check: installed package size
Result: NOTE
installed size is 7.6Mb
sub-directories of 1Mb or more:
R 2.7Mb
data 2.4Mb
Flavors: r-devel-linux-x86_64-fedora-clang, r-devel-windows-x86_64, r-release-macos-arm64, r-release-macos-x86_64, r-release-windows-x86_64, r-oldrel-macos-arm64, r-oldrel-macos-x86_64, r-oldrel-windows-x86_64