Last updated on 2024-05-21 03:55:22 CEST.
Flavor | Version | Tinstall | Tcheck | Ttotal | Status | Flags |
---|---|---|---|---|---|---|
r-devel-linux-x86_64-debian-clang | 1.1.5 | 86.15 | 286.92 | 373.07 | OK | |
r-devel-linux-x86_64-debian-gcc | 1.1.5 | 64.23 | 205.18 | 269.41 | OK | |
r-devel-linux-x86_64-fedora-clang | 1.1.5 | 464.69 | OK | |||
r-devel-linux-x86_64-fedora-gcc | 1.1.5 | 473.26 | OK | |||
r-devel-windows-x86_64 | 1.1.5 | 63.00 | 288.00 | 351.00 | OK | |
r-patched-linux-x86_64 | 1.1.5 | 95.89 | 275.28 | 371.17 | OK | |
r-release-linux-x86_64 | 1.1.5 | 85.78 | 278.03 | 363.81 | OK | |
r-release-macos-arm64 | 1.1.5 | 150.00 | NOTE | |||
r-release-macos-x86_64 | 1.1.5 | 358.00 | NOTE | |||
r-release-windows-x86_64 | 1.1.5 | 64.00 | 290.00 | 354.00 | OK | |
r-oldrel-macos-arm64 | 1.1.5 | 143.00 | NOTE | |||
r-oldrel-macos-x86_64 | 1.1.5 | 322.00 | NOTE | |||
r-oldrel-windows-x86_64 | 1.1.5 | 80.00 | 349.00 | 429.00 | OK |
Version: 1.1.5
Check: installed package size
Result: NOTE
installed size is 5.3Mb
sub-directories of 1Mb or more:
libs 3.4Mb
Flavors: r-release-macos-arm64, r-release-macos-x86_64, r-oldrel-macos-arm64, r-oldrel-macos-x86_64