Last updated on 2024-05-21 03:55:22 CEST.
Flavor | Version | Tinstall | Tcheck | Ttotal | Status | Flags |
---|---|---|---|---|---|---|
r-devel-linux-x86_64-debian-clang | 1.3.1 | 1.97 | 27.96 | 29.93 | NOTE | |
r-devel-linux-x86_64-debian-gcc | 1.3.1 | 1.77 | 21.97 | 23.74 | NOTE | |
r-devel-linux-x86_64-fedora-clang | 1.3.1 | 40.44 | NOTE | |||
r-devel-linux-x86_64-fedora-gcc | 1.3.1 | 50.57 | NOTE | |||
r-devel-windows-x86_64 | 1.3.1 | 2.00 | 44.00 | 46.00 | NOTE | |
r-patched-linux-x86_64 | 1.3.1 | 1.96 | 27.67 | 29.63 | NOTE | |
r-release-linux-x86_64 | 1.3.1 | 1.94 | 27.53 | 29.47 | NOTE | |
r-release-macos-arm64 | 1.3.1 | 21.00 | NOTE | |||
r-release-windows-x86_64 | 1.3.1 | 2.00 | 45.00 | 47.00 | NOTE | |
r-oldrel-macos-arm64 | 1.3.1 | 23.00 | NOTE | |||
r-oldrel-macos-x86_64 | 1.3.1 | 31.00 | NOTE | |||
r-oldrel-windows-x86_64 | 1.3.1 | 4.00 | 46.00 | 50.00 | NOTE |
Version: 1.3.1
Check: LazyData
Result: NOTE
'LazyData' is specified without a 'data' directory
Flavors: r-devel-linux-x86_64-debian-clang, r-devel-linux-x86_64-debian-gcc, r-devel-linux-x86_64-fedora-clang, r-devel-linux-x86_64-fedora-gcc, r-devel-windows-x86_64, r-patched-linux-x86_64, r-release-linux-x86_64, r-release-macos-arm64, r-release-windows-x86_64, r-oldrel-macos-arm64, r-oldrel-macos-x86_64, r-oldrel-windows-x86_64