Last updated on 2024-05-13 03:49:37 CEST.
Flavor | Version | Tinstall | Tcheck | Ttotal | Status | Flags |
---|---|---|---|---|---|---|
r-devel-linux-x86_64-debian-clang | 0.6.2 | 15.17 | 254.43 | 269.60 | OK | |
r-devel-linux-x86_64-debian-gcc | 0.6.2 | 13.71 | 188.59 | 202.30 | OK | |
r-devel-linux-x86_64-fedora-clang | 0.6.2 | 334.96 | OK | |||
r-devel-linux-x86_64-fedora-gcc | 0.6.2 | 422.99 | OK | |||
r-devel-windows-x86_64 | 0.6.2 | 15.00 | 181.00 | 196.00 | OK | --no-vignettes |
r-patched-linux-x86_64 | 0.6.2 | 23.46 | 245.77 | 269.23 | OK | |
r-release-linux-x86_64 | 0.6.2 | 12.03 | 248.82 | 260.85 | NOTE | |
r-release-macos-arm64 | 0.6.2 | 89.00 | OK | |||
r-release-macos-x86_64 | 0.6.2 | 225.00 | OK | |||
r-release-windows-x86_64 | 0.6.2 | 16.00 | 180.00 | 196.00 | OK | --no-vignettes |
r-oldrel-macos-arm64 | 0.6.2 | 101.00 | OK | |||
r-oldrel-macos-x86_64 | 0.6.2 | 215.00 | OK | |||
r-oldrel-windows-x86_64 | 0.6.2 | 21.00 | 209.00 | 230.00 | OK | --no-vignettes |
Version: 0.6.2
Check: package dependencies
Result: NOTE
Package suggested but not available for checking: ‘rstanarm’
Flavor: r-release-linux-x86_64