Last updated on 2024-05-21 03:55:23 CEST.
Flavor | Version | Tinstall | Tcheck | Ttotal | Status | Flags |
---|---|---|---|---|---|---|
r-devel-linux-x86_64-debian-clang | 2.5.1 | 39.09 | 274.41 | 313.50 | OK | |
r-devel-linux-x86_64-debian-gcc | 2.5.1 | 30.38 | 193.48 | 223.86 | OK | |
r-devel-linux-x86_64-fedora-clang | 2.5.1 | 390.26 | OK | |||
r-devel-linux-x86_64-fedora-gcc | 2.5.1 | 374.44 | OK | |||
r-devel-windows-x86_64 | 2.5.1 | 34.00 | 235.00 | 269.00 | NOTE | --no-vignettes |
r-patched-linux-x86_64 | 2.5.1 | 30.96 | 250.27 | 281.23 | OK | |
r-release-linux-x86_64 | 2.5.1 | 31.09 | 260.62 | 291.71 | OK | |
r-release-macos-arm64 | 2.5.1 | 105.00 | OK | |||
r-release-macos-x86_64 | 2.5.1 | 216.00 | OK | |||
r-release-windows-x86_64 | 2.5.1 | 31.00 | 257.00 | 288.00 | NOTE | --no-vignettes |
r-oldrel-macos-arm64 | 2.5.1 | 114.00 | OK | |||
r-oldrel-macos-x86_64 | 2.5.1 | 216.00 | OK | |||
r-oldrel-windows-x86_64 | 2.5.1 | 46.00 | 307.00 | 353.00 | NOTE | --no-vignettes |
Version: 2.5.1
Flags: --no-vignettes
Check: installed package size
Result: NOTE
installed size is 5.1Mb
sub-directories of 1Mb or more:
doc 1.5Mb
Flavors: r-devel-windows-x86_64, r-release-windows-x86_64, r-oldrel-windows-x86_64