Last updated on 2024-05-21 15:50:30 CEST.
Flavor | Version | Tinstall | Tcheck | Ttotal | Status | Flags |
---|---|---|---|---|---|---|
r-devel-linux-x86_64-debian-clang | 1.2.3 | 3.68 | 42.78 | 46.46 | NOTE | |
r-devel-linux-x86_64-debian-gcc | 1.2.3 | 2.59 | 32.78 | 35.37 | NOTE | |
r-devel-linux-x86_64-fedora-clang | 1.2.3 | 61.20 | NOTE | |||
r-devel-linux-x86_64-fedora-gcc | 1.2.3 | 67.60 | NOTE | |||
r-devel-windows-x86_64 | 1.2.3 | 4.00 | 56.00 | 60.00 | NOTE | |
r-patched-linux-x86_64 | 1.2.3 | 2.45 | 41.26 | 43.71 | NOTE | |
r-release-linux-x86_64 | 1.2.3 | 2.53 | 39.74 | 42.27 | NOTE | |
r-release-macos-arm64 | 1.2.3 | 40.00 | NOTE | |||
r-release-windows-x86_64 | 1.2.3 | 5.00 | 55.00 | 60.00 | NOTE | |
r-oldrel-macos-arm64 | 1.2.3 | 31.00 | OK | |||
r-oldrel-macos-x86_64 | 1.2.3 | 39.00 | OK | |||
r-oldrel-windows-x86_64 | 1.2.3 | 5.00 | 62.00 | 67.00 | OK |
Version: 1.2.3
Check: Rd files
Result: NOTE
checkRd: (-1) morphemepiece_cache_dir.Rd:17-19: Lost braces in \itemize; meant \describe ?
checkRd: (-1) morphemepiece_cache_dir.Rd:20-21: Lost braces in \itemize; meant \describe ?
checkRd: (-1) morphemepiece_cache_dir.Rd:22-24: Lost braces in \itemize; meant \describe ?
Flavors: r-devel-linux-x86_64-debian-clang, r-devel-linux-x86_64-debian-gcc, r-devel-linux-x86_64-fedora-clang, r-devel-linux-x86_64-fedora-gcc, r-devel-windows-x86_64, r-patched-linux-x86_64, r-release-linux-x86_64, r-release-macos-arm64, r-release-windows-x86_64