Last updated on 2024-05-21 15:50:32 CEST.
Flavor | Version | Tinstall | Tcheck | Ttotal | Status | Flags |
---|---|---|---|---|---|---|
r-devel-linux-x86_64-debian-clang | 0.7.2 | 71.09 | 341.06 | 412.15 | OK | |
r-devel-linux-x86_64-debian-gcc | 0.7.2 | 48.86 | 250.10 | 298.96 | OK | |
r-devel-linux-x86_64-fedora-clang | 0.7.2 | 526.67 | NOTE | |||
r-devel-linux-x86_64-fedora-gcc | 0.7.2 | 501.17 | NOTE | |||
r-devel-windows-x86_64 | 0.7.2 | 47.00 | 220.00 | 267.00 | NOTE | |
r-patched-linux-x86_64 | 0.7.2 | 51.57 | 323.70 | 375.27 | OK | |
r-release-linux-x86_64 | 0.7.2 | 45.38 | 323.57 | 368.95 | OK | |
r-release-macos-arm64 | 0.7.2 | 119.00 | NOTE | |||
r-release-windows-x86_64 | 0.7.2 | 47.00 | 218.00 | 265.00 | NOTE | |
r-oldrel-macos-arm64 | 0.7.2 | 125.00 | NOTE | |||
r-oldrel-macos-x86_64 | 0.7.2 | 265.00 | NOTE | |||
r-oldrel-windows-x86_64 | 0.7.2 | 59.00 | 278.00 | 337.00 | NOTE |
Version: 0.7.2
Check: installed package size
Result: NOTE
installed size is 5.3Mb
sub-directories of 1Mb or more:
data 4.7Mb
Flavors: r-devel-linux-x86_64-fedora-clang, r-devel-windows-x86_64, r-release-macos-arm64, r-release-windows-x86_64, r-oldrel-macos-arm64, r-oldrel-macos-x86_64, r-oldrel-windows-x86_64
Version: 0.7.2
Check: data for non-ASCII characters
Result: NOTE
Note: found 36 marked UTF-8 strings
Flavors: r-devel-linux-x86_64-fedora-clang, r-devel-linux-x86_64-fedora-gcc