Last updated on 2024-05-21 15:50:33 CEST.
Flavor | Version | Tinstall | Tcheck | Ttotal | Status | Flags |
---|---|---|---|---|---|---|
r-devel-linux-x86_64-debian-clang | 4.3.5 | 110.29 | 56.57 | 166.86 | OK | |
r-devel-linux-x86_64-debian-gcc | 4.3.5 | 69.05 | 42.71 | 111.76 | OK | |
r-devel-linux-x86_64-fedora-clang | 4.3.5 | 243.69 | OK | |||
r-devel-linux-x86_64-fedora-gcc | 4.3.5 | 237.92 | OK | |||
r-devel-windows-x86_64 | 4.3.5 | 114.00 | 83.00 | 197.00 | OK | |
r-patched-linux-x86_64 | 4.3.5 | 112.64 | 54.95 | 167.59 | OK | |
r-release-linux-x86_64 | 4.3.5 | 112.83 | 53.98 | 166.81 | OK | |
r-release-macos-arm64 | 4.3.5 | 46.00 | NOTE | |||
r-release-windows-x86_64 | 4.3.5 | 116.00 | 81.00 | 197.00 | OK | |
r-oldrel-macos-arm64 | 4.3.5 | 51.00 | NOTE | |||
r-oldrel-macos-x86_64 | 4.3.5 | 70.00 | NOTE | |||
r-oldrel-windows-x86_64 | 4.3.5 | 133.00 | 93.00 | 226.00 | OK |
Version: 4.3.5
Check: installed package size
Result: NOTE
installed size is 5.9Mb
sub-directories of 1Mb or more:
extdata 2.7Mb
libs 2.5Mb
Flavors: r-release-macos-arm64, r-oldrel-macos-arm64, r-oldrel-macos-x86_64