Last updated on 2024-05-21 15:50:33 CEST.
Flavor | Version | Tinstall | Tcheck | Ttotal | Status | Flags |
---|---|---|---|---|---|---|
r-devel-linux-x86_64-debian-clang | 1.3 | 17.34 | 132.88 | 150.22 | NOTE | |
r-devel-linux-x86_64-debian-gcc | 1.3 | 13.99 | 95.95 | 109.94 | NOTE | |
r-devel-linux-x86_64-fedora-clang | 1.3 | 183.59 | NOTE | |||
r-devel-linux-x86_64-fedora-gcc | 1.3 | 184.04 | NOTE | |||
r-devel-windows-x86_64 | 1.3 | 15.00 | 110.00 | 125.00 | NOTE | |
r-patched-linux-x86_64 | 1.3 | 11.73 | 127.39 | 139.12 | NOTE | |
r-release-linux-x86_64 | 1.3 | 10.51 | 127.77 | 138.28 | NOTE | |
r-release-macos-arm64 | 1.3 | 55.00 | NOTE | |||
r-release-windows-x86_64 | 1.3 | 17.00 | 109.00 | 126.00 | NOTE | |
r-oldrel-macos-arm64 | 1.3 | 53.00 | OK | |||
r-oldrel-macos-x86_64 | 1.3 | 82.00 | OK | |||
r-oldrel-windows-x86_64 | 1.3 | 18.00 | 131.00 | 149.00 | OK |
Version: 1.3
Check: Rd files
Result: NOTE
checkRd: (-1) plot_scm.Rd:106: Lost braces; missing escapes or markup?
106 | \item{lookupDF}{A data frame containing a lookup table for node labels. By default, {plot_scm} will use the PSN model names. If a lookup table containing the fields `Model` and `Alias` is provided, model names in `Model` will be replaced in the output plots by mtaching labels in `Alias`.}
| ^
checkRd: (-1) rnm.Rd:56: Lost braces in \itemize; meant \describe ?
checkRd: (-1) rnm.Rd:57: Lost braces in \itemize; meant \describe ?
checkRd: (-1) rnm.Rd:58: Lost braces in \itemize; meant \describe ?
checkRd: (-1) rnm.Rd:59: Lost braces in \itemize; meant \describe ?
checkRd: (-1) rnm.Rd:60: Lost braces in \itemize; meant \describe ?
checkRd: (-1) rnm.Rd:61: Lost braces in \itemize; meant \describe ?
checkRd: (-1) rnm.Rd:62: Lost braces in \itemize; meant \describe ?
checkRd: (-1) rnm.Rd:63: Lost braces in \itemize; meant \describe ?
checkRd: (-1) rnm.Rd:64: Lost braces in \itemize; meant \describe ?
checkRd: (-1) rnm.Rd:65: Lost braces in \itemize; meant \describe ?
checkRd: (-1) rnm.Rd:66: Lost braces in \itemize; meant \describe ?
checkRd: (-1) rnm.Rd:67: Lost braces in \itemize; meant \describe ?
checkRd: (-1) rnm.Rd:68: Lost braces in \itemize; meant \describe ?
checkRd: (-1) rnm.Rd:69: Lost braces in \itemize; meant \describe ?
checkRd: (-1) rnm.Rd:70: Lost braces in \itemize; meant \describe ?
checkRd: (-1) rnm.Rd:71: Lost braces in \itemize; meant \describe ?
Flavors: r-devel-linux-x86_64-debian-clang, r-devel-linux-x86_64-debian-gcc, r-devel-linux-x86_64-fedora-clang, r-devel-linux-x86_64-fedora-gcc, r-devel-windows-x86_64, r-patched-linux-x86_64, r-release-linux-x86_64, r-release-macos-arm64, r-release-windows-x86_64
Version: 1.3
Check: Rd cross-references
Result: NOTE
Undeclared package ‘DiagrammeR’ in Rd xrefs
Flavor: r-devel-linux-x86_64-fedora-clang