Last updated on 2024-05-21 03:55:27 CEST.
Flavor | Version | Tinstall | Tcheck | Ttotal | Status | Flags |
---|---|---|---|---|---|---|
r-devel-linux-x86_64-debian-clang | 0.6.0 | 2.11 | 44.81 | 46.92 | NOTE | |
r-devel-linux-x86_64-debian-gcc | 0.6.0 | 2.47 | 33.36 | 35.83 | NOTE | |
r-devel-linux-x86_64-fedora-clang | 0.6.0 | 59.15 | NOTE | |||
r-devel-linux-x86_64-fedora-gcc | 0.6.0 | 55.82 | NOTE | |||
r-devel-windows-x86_64 | 0.6.0 | 4.00 | 55.00 | 59.00 | NOTE | |
r-patched-linux-x86_64 | 0.6.0 | 3.01 | 42.71 | 45.72 | NOTE | |
r-release-linux-x86_64 | 0.6.0 | 3.16 | 43.29 | 46.45 | NOTE | |
r-release-macos-arm64 | 0.6.0 | 22.00 | NOTE | |||
r-release-windows-x86_64 | 0.6.0 | 4.00 | 58.00 | 62.00 | NOTE | |
r-oldrel-macos-arm64 | 0.6.0 | 23.00 | OK | |||
r-oldrel-macos-x86_64 | 0.6.0 | 31.00 | OK | |||
r-oldrel-windows-x86_64 | 0.6.0 | 4.00 | 57.00 | 61.00 | OK |
Version: 0.6.0
Check: Rd files
Result: NOTE
checkRd: (-1) summary.projections.Rd:33-48: Lost braces
33 | if (require(incidence)) {
| ^
Flavors: r-devel-linux-x86_64-debian-clang, r-devel-linux-x86_64-debian-gcc, r-devel-linux-x86_64-fedora-clang, r-devel-linux-x86_64-fedora-gcc, r-devel-windows-x86_64, r-patched-linux-x86_64, r-release-linux-x86_64, r-release-macos-arm64, r-release-windows-x86_64