Last updated on 2024-05-21 03:55:27 CEST.
Flavor | Version | Tinstall | Tcheck | Ttotal | Status | Flags |
---|---|---|---|---|---|---|
r-devel-linux-x86_64-debian-clang | 1.1.4 | 18.72 | 169.54 | 188.26 | OK | |
r-devel-linux-x86_64-debian-gcc | 1.1.4 | 18.52 | 130.17 | 148.69 | OK | |
r-devel-linux-x86_64-fedora-clang | 1.1.4 | 251.25 | NOTE | |||
r-devel-linux-x86_64-fedora-gcc | 1.1.4 | 231.04 | OK | |||
r-devel-windows-x86_64 | 1.1.4 | 20.00 | 131.00 | 151.00 | OK | |
r-patched-linux-x86_64 | 1.1.4 | 17.96 | 163.20 | 181.16 | OK | |
r-release-linux-x86_64 | 1.1.4 | 14.78 | 160.55 | 175.33 | OK | |
r-release-macos-arm64 | 1.1.4 | 65.00 | OK | |||
r-release-windows-x86_64 | 1.1.4 | 20.00 | 124.00 | 144.00 | OK | |
r-oldrel-macos-arm64 | 1.1.4 | 71.00 | OK | |||
r-oldrel-macos-x86_64 | 1.1.4 | 164.00 | OK | |||
r-oldrel-windows-x86_64 | 1.1.4 | 27.00 | 156.00 | 183.00 | OK |
Version: 1.1.4
Check: package dependencies
Result: NOTE
Imports includes 22 non-default packages.
Importing from so many packages makes the package vulnerable to any of
them becoming unavailable. Move as many as possible to Suggests and
use conditionally.
Flavor: r-devel-linux-x86_64-fedora-clang