Last updated on 2024-05-21 03:55:28 CEST.
Flavor | Version | Tinstall | Tcheck | Ttotal | Status | Flags |
---|---|---|---|---|---|---|
r-devel-linux-x86_64-debian-clang | 2.2.0 | 28.43 | 56.54 | 84.97 | NOTE | |
r-devel-linux-x86_64-debian-gcc | 2.2.0 | 21.90 | 42.57 | 64.47 | NOTE | |
r-devel-linux-x86_64-fedora-clang | 2.2.0 | 122.01 | NOTE | |||
r-devel-linux-x86_64-fedora-gcc | 2.2.0 | 123.56 | NOTE | |||
r-devel-windows-x86_64 | 2.2.0 | 26.00 | 91.00 | 117.00 | NOTE | |
r-patched-linux-x86_64 | 2.2.0 | 33.99 | 53.94 | 87.93 | OK | |
r-release-linux-x86_64 | 2.2.0 | 27.17 | 53.98 | 81.15 | OK | |
r-release-macos-arm64 | 2.2.0 | 38.00 | OK | |||
r-release-macos-x86_64 | 2.2.0 | 81.00 | OK | |||
r-release-windows-x86_64 | 2.2.0 | 29.00 | 86.00 | 115.00 | OK | |
r-oldrel-macos-arm64 | 2.2.0 | 51.00 | OK | |||
r-oldrel-macos-x86_64 | 2.2.0 | 79.00 | OK | |||
r-oldrel-windows-x86_64 | 2.2.0 | 33.00 | 91.00 | 124.00 | OK |
Version: 2.2.0
Check: compiled code
Result: NOTE
File ‘readODS/libs/readODS.so’:
Found non-API calls to R: ‘SETLENGTH’, ‘SET_TRUELENGTH’
Compiled code should not call non-API entry points in R.
See ‘Writing portable packages’ in the ‘Writing R Extensions’ manual.
Flavors: r-devel-linux-x86_64-debian-clang, r-devel-linux-x86_64-debian-gcc, r-devel-linux-x86_64-fedora-clang, r-devel-linux-x86_64-fedora-gcc
Version: 2.2.0
Check: Rd cross-references
Result: NOTE
Undeclared packages ‘writexl’, ‘openxlsx’ in Rd xrefs
Flavor: r-devel-linux-x86_64-fedora-clang
Version: 2.2.0
Check: compiled code
Result: NOTE
File 'readODS/libs/x64/readODS.dll':
Found non-API calls to R: 'SETLENGTH', 'SET_TRUELENGTH'
Compiled code should not call non-API entry points in R.
See 'Writing portable packages' in the 'Writing R Extensions' manual.
Flavor: r-devel-windows-x86_64