Last updated on 2024-05-21 15:50:37 CEST.
Flavor | Version | Tinstall | Tcheck | Ttotal | Status | Flags |
---|---|---|---|---|---|---|
r-devel-linux-x86_64-debian-clang | 1.3.5 | 11.64 | 191.62 | 203.26 | NOTE | |
r-devel-linux-x86_64-debian-gcc | 1.3.5 | 9.06 | 145.10 | 154.16 | NOTE | |
r-devel-linux-x86_64-fedora-clang | 1.3.5 | 261.60 | NOTE | |||
r-devel-linux-x86_64-fedora-gcc | 1.3.5 | 263.27 | NOTE | |||
r-devel-windows-x86_64 | 1.3.5 | 11.00 | 116.00 | 127.00 | NOTE | |
r-patched-linux-x86_64 | 1.3.5 | 13.63 | 185.73 | 199.36 | NOTE | |
r-release-linux-x86_64 | 1.3.5 | 13.27 | 181.06 | 194.33 | NOTE | |
r-release-macos-arm64 | 1.3.5 | 75.00 | NOTE | |||
r-release-windows-x86_64 | 1.3.5 | 11.00 | 115.00 | 126.00 | NOTE | |
r-oldrel-macos-arm64 | 1.3.5 | 70.00 | OK | |||
r-oldrel-macos-x86_64 | 1.3.5 | 89.00 | OK | |||
r-oldrel-windows-x86_64 | 1.3.5 | 14.00 | 134.00 | 148.00 | OK |
Version: 1.3.5
Check: Rd files
Result: NOTE
checkRd: (-1) plot.mcfs.Rd:24: Lost braces; missing escapes or markup?
24 | \item\code{ri} {plots top features set with their RIs as well as max RI obtained from permutation experiments. Red color denotes important features.}
| ^
Flavors: r-devel-linux-x86_64-debian-clang, r-devel-linux-x86_64-debian-gcc, r-devel-linux-x86_64-fedora-clang, r-devel-linux-x86_64-fedora-gcc, r-devel-windows-x86_64, r-patched-linux-x86_64, r-release-linux-x86_64, r-release-macos-arm64, r-release-windows-x86_64