Last updated on 2024-05-21 15:50:37 CEST.
Flavor | Version | Tinstall | Tcheck | Ttotal | Status | Flags |
---|---|---|---|---|---|---|
r-devel-linux-x86_64-debian-clang | 3.3-1 | 75.29 | 387.26 | 462.55 | OK | |
r-devel-linux-x86_64-debian-gcc | 3.3-1 | 52.44 | 279.92 | 332.36 | OK | |
r-devel-linux-x86_64-fedora-clang | 3.3-1 | 572.19 | OK | |||
r-devel-linux-x86_64-fedora-gcc | 3.3-1 | 594.88 | OK | |||
r-devel-windows-x86_64 | 3.3-1 | 61.00 | 332.00 | 393.00 | NOTE | |
r-patched-linux-x86_64 | 3.3-1 | 82.39 | 356.71 | 439.10 | OK | |
r-release-linux-x86_64 | 3.3-1 | 62.76 | 365.94 | 428.70 | OK | |
r-release-macos-arm64 | 3.3-1 | 156.00 | NOTE | |||
r-release-windows-x86_64 | 3.3-1 | 61.00 | 319.00 | 380.00 | NOTE | |
r-oldrel-macos-arm64 | 3.3-1 | 173.00 | NOTE | |||
r-oldrel-macos-x86_64 | 3.3-1 | 321.00 | NOTE | |||
r-oldrel-windows-x86_64 | 3.3-1 | 79.00 | 395.00 | 474.00 | NOTE |
Version: 3.3-1
Check: installed package size
Result: NOTE
installed size is 5.3Mb
sub-directories of 1Mb or more:
doc 1.7Mb
libs 1.3Mb
simulationStudy 1.6Mb
Flavors: r-devel-windows-x86_64, r-release-macos-arm64, r-release-windows-x86_64, r-oldrel-macos-arm64, r-oldrel-macos-x86_64, r-oldrel-windows-x86_64