Last updated on 2024-05-21 03:55:29 CEST.
Flavor | Version | Tinstall | Tcheck | Ttotal | Status | Flags |
---|---|---|---|---|---|---|
r-devel-linux-x86_64-debian-clang | 3.5.1 | 236.84 | 762.27 | 999.11 | OK | |
r-devel-linux-x86_64-debian-gcc | 3.5.1 | 188.51 | 557.82 | 746.33 | OK | |
r-devel-linux-x86_64-fedora-clang | 3.5.1 | 1278.48 | NOTE | |||
r-devel-linux-x86_64-fedora-gcc | 3.5.1 | 1252.17 | OK | |||
r-devel-windows-x86_64 | 3.5.1 | 171.00 | 597.00 | 768.00 | NOTE | |
r-patched-linux-x86_64 | 3.5.1 | 222.63 | 764.58 | 987.21 | OK | |
r-release-linux-x86_64 | 3.5.1 | 212.08 | 734.43 | 946.51 | OK | |
r-release-macos-arm64 | 3.5.1 | 324.00 | NOTE | |||
r-release-macos-x86_64 | 3.5.1 | 795.00 | NOTE | |||
r-release-windows-x86_64 | 3.5.1 | 169.00 | 602.00 | 771.00 | NOTE | |
r-oldrel-macos-arm64 | 3.5.1 | 238.00 | NOTE | |||
r-oldrel-macos-x86_64 | 3.5.1 | 707.00 | NOTE | |||
r-oldrel-windows-x86_64 | 3.5.1 | 217.00 | 732.00 | 949.00 | NOTE |
Version: 3.5.1
Check: installed package size
Result: NOTE
installed size is 6.5Mb
sub-directories of 1Mb or more:
R 4.2Mb
libs 1.1Mb
Flavors: r-devel-linux-x86_64-fedora-clang, r-devel-windows-x86_64, r-release-macos-arm64, r-release-macos-x86_64, r-release-windows-x86_64, r-oldrel-macos-arm64, r-oldrel-macos-x86_64, r-oldrel-windows-x86_64