Last updated on 2024-05-21 15:50:38 CEST.
Flavor | Version | Tinstall | Tcheck | Ttotal | Status | Flags |
---|---|---|---|---|---|---|
r-devel-linux-x86_64-debian-clang | 1.0.4 | 7.14 | 68.06 | 75.20 | NOTE | |
r-devel-linux-x86_64-debian-gcc | 1.0.4 | 4.21 | 51.58 | 55.79 | NOTE | |
r-devel-linux-x86_64-fedora-clang | 1.0.4 | 94.74 | NOTE | |||
r-devel-linux-x86_64-fedora-gcc | 1.0.4 | 102.21 | NOTE | |||
r-devel-windows-x86_64 | 1.0.4 | 6.00 | 86.00 | 92.00 | NOTE | |
r-patched-linux-x86_64 | 1.0.4 | 6.32 | 64.93 | 71.25 | NOTE | |
r-release-linux-x86_64 | 1.0.4 | 3.59 | 66.67 | 70.26 | NOTE | |
r-release-macos-arm64 | 1.0.4 | 52.00 | NOTE | |||
r-release-windows-x86_64 | 1.0.4 | 6.00 | 86.00 | 92.00 | NOTE | |
r-oldrel-macos-arm64 | 1.0.4 | 46.00 | NOTE | |||
r-oldrel-macos-x86_64 | 1.0.4 | 64.00 | NOTE | |||
r-oldrel-windows-x86_64 | 1.0.4 | 8.00 | 99.00 | 107.00 | NOTE |
Version: 1.0.4
Check: LazyData
Result: NOTE
'LazyData' is specified without a 'data' directory
Flavors: r-devel-linux-x86_64-debian-clang, r-devel-linux-x86_64-debian-gcc, r-devel-linux-x86_64-fedora-clang, r-devel-linux-x86_64-fedora-gcc, r-devel-windows-x86_64, r-patched-linux-x86_64, r-release-linux-x86_64, r-release-macos-arm64, r-release-windows-x86_64, r-oldrel-macos-arm64, r-oldrel-macos-x86_64, r-oldrel-windows-x86_64