Last updated on 2024-05-21 15:50:38 CEST.
Flavor | Version | Tinstall | Tcheck | Ttotal | Status | Flags |
---|---|---|---|---|---|---|
r-devel-linux-x86_64-debian-clang | 0.1.4 | 11.65 | 250.82 | 262.47 | OK | |
r-devel-linux-x86_64-debian-gcc | 0.1.4 | 8.69 | 181.08 | 189.77 | OK | |
r-devel-linux-x86_64-fedora-clang | 0.1.4 | 321.63 | NOTE | |||
r-devel-linux-x86_64-fedora-gcc | 0.1.4 | 325.33 | NOTE | |||
r-devel-windows-x86_64 | 0.1.4 | 11.00 | 203.00 | 214.00 | OK | |
r-patched-linux-x86_64 | 0.1.4 | 18.60 | 237.29 | 255.89 | OK | |
r-release-linux-x86_64 | 0.1.4 | 7.34 | 239.26 | 246.60 | OK | |
r-release-macos-arm64 | 0.1.4 | 90.00 | OK | |||
r-release-windows-x86_64 | 0.1.4 | 12.00 | 255.00 | 267.00 | OK | |
r-oldrel-macos-arm64 | 0.1.4 | 90.00 | OK | |||
r-oldrel-macos-x86_64 | 0.1.4 | 160.00 | OK | |||
r-oldrel-windows-x86_64 | 0.1.4 | 15.00 | 237.00 | 252.00 | OK |
Version: 0.1.4
Check: data for non-ASCII characters
Result: NOTE
Note: found 4 marked UTF-8 strings
Flavors: r-devel-linux-x86_64-fedora-clang, r-devel-linux-x86_64-fedora-gcc