Last updated on 2024-05-21 03:55:31 CEST.
Flavor | Version | Tinstall | Tcheck | Ttotal | Status | Flags |
---|---|---|---|---|---|---|
r-devel-linux-x86_64-debian-clang | 0.4.4 | 136.90 | 52.86 | 189.76 | OK | |
r-devel-linux-x86_64-debian-gcc | 0.4.4 | 122.91 | 38.22 | 161.13 | OK | |
r-devel-linux-x86_64-fedora-clang | 0.4.4 | 268.43 | OK | |||
r-devel-linux-x86_64-fedora-gcc | 0.4.4 | 311.57 | OK | |||
r-devel-windows-x86_64 | 0.4.4 | 115.00 | 85.00 | 200.00 | OK | |
r-patched-linux-x86_64 | 0.4.4 | 136.60 | 48.72 | 185.32 | OK | |
r-release-linux-x86_64 | 0.4.4 | 157.81 | 49.24 | 207.05 | OK | |
r-release-macos-arm64 | 0.4.4 | 57.00 | NOTE | |||
r-release-windows-x86_64 | 0.4.4 | 113.00 | 92.00 | 205.00 | OK | |
r-oldrel-macos-arm64 | 0.4.4 | 66.00 | NOTE | |||
r-oldrel-macos-x86_64 | 0.4.4 | 100.00 | NOTE | |||
r-oldrel-windows-x86_64 | 0.4.4 | 134.00 | 105.00 | 239.00 | OK |
Version: 0.4.4
Check: installed package size
Result: NOTE
installed size is 8.0Mb
sub-directories of 1Mb or more:
libs 7.4Mb
Flavors: r-release-macos-arm64, r-oldrel-macos-arm64, r-oldrel-macos-x86_64