Last updated on 2024-05-21 15:50:39 CEST.
Flavor | Version | Tinstall | Tcheck | Ttotal | Status | Flags |
---|---|---|---|---|---|---|
r-devel-linux-x86_64-debian-clang | 0.1.3 | 11.36 | 104.69 | 116.05 | NOTE | |
r-devel-linux-x86_64-debian-gcc | 0.1.3 | 7.36 | 76.53 | 83.89 | NOTE | |
r-devel-linux-x86_64-fedora-clang | 0.1.3 | 146.70 | NOTE | |||
r-devel-linux-x86_64-fedora-gcc | 0.1.3 | 147.51 | NOTE | |||
r-devel-windows-x86_64 | 0.1.3 | 10.00 | 138.00 | 148.00 | NOTE | |
r-patched-linux-x86_64 | 0.1.3 | 6.12 | 100.27 | 106.39 | NOTE | |
r-release-linux-x86_64 | 0.1.3 | 6.21 | 97.30 | 103.51 | NOTE | |
r-release-macos-arm64 | 0.1.3 | 49.00 | NOTE | |||
r-release-windows-x86_64 | 0.1.3 | 10.00 | 143.00 | 153.00 | NOTE | |
r-oldrel-macos-arm64 | 0.1.3 | 51.00 | NOTE | |||
r-oldrel-macos-x86_64 | 0.1.3 | 85.00 | NOTE | |||
r-oldrel-windows-x86_64 | 0.1.3 | 12.00 | 177.00 | 189.00 | NOTE |
Version: 0.1.3
Check: LazyData
Result: NOTE
'LazyData' is specified without a 'data' directory
Flavors: r-devel-linux-x86_64-debian-clang, r-devel-linux-x86_64-debian-gcc, r-devel-linux-x86_64-fedora-clang, r-devel-linux-x86_64-fedora-gcc, r-devel-windows-x86_64, r-patched-linux-x86_64, r-release-linux-x86_64, r-release-macos-arm64, r-release-windows-x86_64, r-oldrel-macos-arm64, r-oldrel-macos-x86_64, r-oldrel-windows-x86_64