Last updated on 2024-05-21 15:50:40 CEST.
Flavor | Version | Tinstall | Tcheck | Ttotal | Status | Flags |
---|---|---|---|---|---|---|
r-devel-linux-x86_64-debian-clang | 2.1.3 | 96.00 | 177.19 | 273.19 | OK | |
r-devel-linux-x86_64-debian-gcc | 2.1.3 | 67.89 | 126.24 | 194.13 | OK | |
r-devel-linux-x86_64-fedora-clang | 2.1.3 | 355.96 | OK | |||
r-devel-linux-x86_64-fedora-gcc | 2.1.3 | 342.37 | OK | |||
r-devel-windows-x86_64 | 2.1.3 | 74.00 | 166.00 | 240.00 | OK | |
r-patched-linux-x86_64 | 2.1.3 | 87.29 | 167.63 | 254.92 | OK | |
r-release-linux-x86_64 | 2.1.3 | 77.22 | 166.91 | 244.13 | OK | |
r-release-macos-arm64 | 2.1.3 | 81.00 | NOTE | |||
r-release-windows-x86_64 | 2.1.3 | 75.00 | 166.00 | 241.00 | OK | |
r-oldrel-macos-arm64 | 2.1.3 | 88.00 | NOTE | |||
r-oldrel-macos-x86_64 | 2.1.3 | 198.00 | NOTE | |||
r-oldrel-windows-x86_64 | 2.1.3 | 92.00 | 202.00 | 294.00 | OK |
Version: 2.1.3
Check: installed package size
Result: NOTE
installed size is 5.5Mb
sub-directories of 1Mb or more:
data 2.0Mb
libs 2.5Mb
Flavors: r-release-macos-arm64, r-oldrel-macos-arm64, r-oldrel-macos-x86_64