Last updated on 2024-05-21 15:50:40 CEST.
Flavor | Version | Tinstall | Tcheck | Ttotal | Status | Flags |
---|---|---|---|---|---|---|
r-devel-linux-x86_64-debian-clang | 1.4.0 | 13.30 | 156.50 | 169.80 | NOTE | |
r-devel-linux-x86_64-debian-gcc | 1.4.0 | 8.66 | 112.43 | 121.09 | NOTE | |
r-devel-linux-x86_64-fedora-clang | 1.4.0 | 205.01 | NOTE | |||
r-devel-linux-x86_64-fedora-gcc | 1.4.0 | 205.05 | NOTE | |||
r-devel-windows-x86_64 | 1.4.0 | 12.00 | 140.00 | 152.00 | NOTE | |
r-patched-linux-x86_64 | 1.4.0 | 11.46 | 143.82 | 155.28 | NOTE | |
r-release-linux-x86_64 | 1.4.0 | 11.03 | 148.28 | 159.31 | NOTE | |
r-release-macos-arm64 | 1.4.0 | 72.00 | NOTE | |||
r-release-windows-x86_64 | 1.4.0 | 11.00 | 143.00 | 154.00 | NOTE | |
r-oldrel-macos-arm64 | 1.4.0 | 58.00 | OK | |||
r-oldrel-macos-x86_64 | 1.4.0 | 125.00 | OK | |||
r-oldrel-windows-x86_64 | 1.4.0 | 16.00 | 162.00 | 178.00 | OK |
Version: 1.4.0
Check: Rd files
Result: NOTE
checkRd: (-1) sitar-package.Rd:27: Lost braces; missing escapes or markup?
27 | individual curves, adjusted for {abcd} to lie on top of (i.e. be
| ^
checkRd: (-1) sitar.Rd:110: Lost braces; missing escapes or markup?
110 | \code{\link{nlme}}) (default {nlmeControl(returnObject = TRUE)}).}
| ^
Flavors: r-devel-linux-x86_64-debian-clang, r-devel-linux-x86_64-debian-gcc, r-devel-linux-x86_64-fedora-clang, r-devel-linux-x86_64-fedora-gcc, r-devel-windows-x86_64, r-patched-linux-x86_64, r-release-linux-x86_64, r-release-macos-arm64, r-release-windows-x86_64