Last updated on 2024-05-21 03:55:31 CEST.
Flavor | Version | Tinstall | Tcheck | Ttotal | Status | Flags |
---|---|---|---|---|---|---|
r-devel-linux-x86_64-debian-clang | 1.7.1 | 227.27 | 124.89 | 352.16 | OK | |
r-devel-linux-x86_64-debian-gcc | 1.7.1 | 185.85 | 97.75 | 283.60 | OK | |
r-devel-linux-x86_64-fedora-clang | 1.7.1 | 438.48 | OK | |||
r-devel-linux-x86_64-fedora-gcc | 1.7.1 | 527.42 | OK | |||
r-devel-windows-x86_64 | 1.7.1 | 163.00 | 133.00 | 296.00 | OK | |
r-patched-linux-x86_64 | 1.7.1 | 248.60 | 128.32 | 376.92 | OK | |
r-release-linux-x86_64 | 1.7.1 | 219.08 | 126.93 | 346.01 | OK | |
r-release-macos-arm64 | 1.7.1 | 91.00 | NOTE | |||
r-release-macos-x86_64 | 1.7.1 | 168.00 | NOTE | |||
r-release-windows-x86_64 | 1.7.1 | 162.00 | 127.00 | 289.00 | OK | |
r-oldrel-macos-arm64 | 1.7.1 | 92.00 | NOTE | |||
r-oldrel-macos-x86_64 | 1.7.1 | 160.00 | NOTE | |||
r-oldrel-windows-x86_64 | 1.7.1 | 200.00 | 157.00 | 357.00 | OK |
Version: 1.7.1
Check: installed package size
Result: NOTE
installed size is 38.2Mb
sub-directories of 1Mb or more:
libs 37.6Mb
Flavors: r-release-macos-arm64, r-release-macos-x86_64, r-oldrel-macos-arm64, r-oldrel-macos-x86_64