Last updated on 2024-05-21 15:50:40 CEST.
Flavor | Version | Tinstall | Tcheck | Ttotal | Status | Flags |
---|---|---|---|---|---|---|
r-devel-linux-x86_64-debian-clang | 0.1-50 | 6.46 | 46.12 | 52.58 | NOTE | |
r-devel-linux-x86_64-debian-gcc | 0.1-50 | 4.98 | 33.77 | 38.75 | NOTE | |
r-devel-linux-x86_64-fedora-clang | 0.1-50 | 65.89 | NOTE | |||
r-devel-linux-x86_64-fedora-gcc | 0.1-50 | 63.36 | NOTE | |||
r-devel-windows-x86_64 | 0.1-50 | 10.00 | 60.00 | 70.00 | NOTE | |
r-patched-linux-x86_64 | 0.1-50 | 7.65 | 42.72 | 50.37 | OK | |
r-release-linux-x86_64 | 0.1-50 | 6.01 | 43.78 | 49.79 | OK | |
r-release-macos-arm64 | 0.1-50 | 23.00 | OK | |||
r-release-windows-x86_64 | 0.1-50 | 10.00 | 58.00 | 68.00 | OK | |
r-oldrel-macos-arm64 | 0.1-50 | 25.00 | OK | |||
r-oldrel-macos-x86_64 | 0.1-50 | 39.00 | OK | |||
r-oldrel-windows-x86_64 | 0.1-50 | 9.00 | 67.00 | 76.00 | OK |
Version: 0.1-50
Check: compiled code
Result: NOTE
File ‘slam/libs/slam.so’:
Found non-API calls to R: ‘SETLENGTH’, ‘UNSET_S4_OBJECT’
Compiled code should not call non-API entry points in R.
See ‘Writing portable packages’ in the ‘Writing R Extensions’ manual.
Flavors: r-devel-linux-x86_64-debian-clang, r-devel-linux-x86_64-debian-gcc, r-devel-linux-x86_64-fedora-clang, r-devel-linux-x86_64-fedora-gcc
Version: 0.1-50
Check: compiled code
Result: NOTE
File 'slam/libs/x64/slam.dll':
Found non-API calls to R: 'SETLENGTH', 'UNSET_S4_OBJECT'
Compiled code should not call non-API entry points in R.
See 'Writing portable packages' in the 'Writing R Extensions' manual.
Flavor: r-devel-windows-x86_64