Last updated on 2024-05-21 15:50:40 CEST.
Flavor | Version | Tinstall | Tcheck | Ttotal | Status | Flags |
---|---|---|---|---|---|---|
r-devel-linux-x86_64-debian-clang | 1.7.1 | 11.33 | 149.22 | 160.55 | OK | |
r-devel-linux-x86_64-debian-gcc | 1.7.1 | 8.56 | 108.19 | 116.75 | OK | |
r-devel-linux-x86_64-fedora-clang | 1.7.1 | 193.68 | NOTE | |||
r-devel-linux-x86_64-fedora-gcc | 1.7.1 | 208.41 | OK | |||
r-devel-windows-x86_64 | 1.7.1 | 10.00 | 120.00 | 130.00 | OK | |
r-patched-linux-x86_64 | 1.7.1 | 10.15 | 146.24 | 156.39 | OK | |
r-release-linux-x86_64 | 1.7.1 | 9.96 | 144.12 | 154.08 | OK | |
r-release-macos-arm64 | 1.7.1 | 61.00 | OK | |||
r-release-windows-x86_64 | 1.7.1 | 9.00 | 124.00 | 133.00 | OK | |
r-oldrel-macos-arm64 | 1.7.1 | 70.00 | OK | |||
r-oldrel-macos-x86_64 | 1.7.1 | 107.00 | OK | |||
r-oldrel-windows-x86_64 | 1.7.1 | 12.00 | 143.00 | 155.00 | OK |
Version: 1.7.1
Check: Rd cross-references
Result: NOTE
Undeclared package ‘mice’ in Rd xrefs
Flavor: r-devel-linux-x86_64-fedora-clang