Last updated on 2024-05-21 15:50:40 CEST.
Flavor | Version | Tinstall | Tcheck | Ttotal | Status | Flags |
---|---|---|---|---|---|---|
r-devel-linux-x86_64-debian-clang | 0.8.21 | 11.55 | 106.22 | 117.77 | NOTE | |
r-devel-linux-x86_64-debian-gcc | 0.8.21 | 8.21 | 79.28 | 87.49 | NOTE | |
r-devel-linux-x86_64-fedora-clang | 0.8.21 | 146.20 | NOTE | |||
r-devel-linux-x86_64-fedora-gcc | 0.8.21 | 157.06 | NOTE | |||
r-devel-windows-x86_64 | 0.8.21 | 10.00 | 91.00 | 101.00 | NOTE | |
r-patched-linux-x86_64 | 0.8.21 | 7.28 | 100.62 | 107.90 | NOTE | |
r-release-linux-x86_64 | 0.8.21 | 6.21 | 101.35 | 107.56 | NOTE | |
r-release-macos-arm64 | 0.8.21 | 45.00 | NOTE | |||
r-release-windows-x86_64 | 0.8.21 | 11.00 | 92.00 | 103.00 | NOTE | |
r-oldrel-macos-arm64 | 0.8.21 | 50.00 | OK | |||
r-oldrel-macos-x86_64 | 0.8.21 | 111.00 | OK | |||
r-oldrel-windows-x86_64 | 0.8.21 | 13.00 | 104.00 | 117.00 | OK |
Version: 0.8.21
Check: Rd files
Result: NOTE
checkRd: (-1) load_sorvi_data.Rd:23: Lost braces in \itemize; meant \describe ?
Flavors: r-devel-linux-x86_64-debian-clang, r-devel-linux-x86_64-debian-gcc, r-devel-linux-x86_64-fedora-clang, r-devel-linux-x86_64-fedora-gcc, r-devel-windows-x86_64, r-patched-linux-x86_64, r-release-linux-x86_64, r-release-macos-arm64, r-release-windows-x86_64
Version: 0.8.21
Check: data for non-ASCII characters
Result: NOTE
Note: found 1245 marked UTF-8 strings
Flavors: r-devel-linux-x86_64-fedora-clang, r-devel-linux-x86_64-fedora-gcc