Last updated on 2024-05-21 15:50:41 CEST.
Flavor | Version | Tinstall | Tcheck | Ttotal | Status | Flags |
---|---|---|---|---|---|---|
r-devel-linux-x86_64-debian-clang | 1.0.6 | 25.79 | 410.02 | 435.81 | OK | |
r-devel-linux-x86_64-debian-gcc | 1.0.6 | 16.99 | 300.13 | 317.12 | OK | |
r-devel-linux-x86_64-fedora-clang | 1.0.6 | 515.89 | NOTE | |||
r-devel-linux-x86_64-fedora-gcc | 1.0.6 | 522.15 | NOTE | |||
r-devel-windows-x86_64 | 1.0.6 | 19.00 | 277.00 | 296.00 | OK | |
r-patched-linux-x86_64 | 1.0.6 | 19.59 | 395.17 | 414.76 | OK | |
r-release-linux-x86_64 | 1.0.6 | 19.26 | 394.42 | 413.68 | OK | |
r-release-macos-arm64 | 1.0.6 | 121.00 | OK | |||
r-release-windows-x86_64 | 1.0.6 | 19.00 | 282.00 | 301.00 | OK | |
r-oldrel-macos-arm64 | 1.0.6 | 171.00 | OK | |||
r-oldrel-macos-x86_64 | 1.0.6 | 235.00 | OK | |||
r-oldrel-windows-x86_64 | 1.0.6 | 24.00 | 365.00 | 389.00 | OK |
Version: 1.0.6
Check: dependencies in R code
Result: NOTE
Namespace in Imports field not imported from: ‘knitr’
All declared Imports should be used.
Flavors: r-devel-linux-x86_64-fedora-clang, r-devel-linux-x86_64-fedora-gcc