Last updated on 2024-05-21 15:50:41 CEST.
Flavor | Version | Tinstall | Tcheck | Ttotal | Status | Flags |
---|---|---|---|---|---|---|
r-devel-linux-x86_64-debian-clang | 0.6.1 | 26.16 | 300.99 | 327.15 | OK | |
r-devel-linux-x86_64-debian-gcc | 0.6.1 | 24.08 | 219.05 | 243.13 | OK | |
r-devel-linux-x86_64-fedora-clang | 0.6.1 | 407.83 | NOTE | |||
r-devel-linux-x86_64-fedora-gcc | 0.6.1 | 394.83 | NOTE | |||
r-devel-windows-x86_64 | 0.6.1 | 28.00 | 250.00 | 278.00 | OK | |
r-patched-linux-x86_64 | 0.6.1 | 24.12 | 287.90 | 312.02 | OK | |
r-release-linux-x86_64 | 0.6.1 | 17.86 | 285.12 | 302.98 | OK | |
r-release-macos-arm64 | 0.6.1 | 104.00 | OK | |||
r-release-macos-x86_64 | 0.6.1 | 319.00 | OK | |||
r-release-windows-x86_64 | 0.6.1 | 29.00 | 253.00 | 282.00 | OK | |
r-oldrel-macos-arm64 | 0.6.1 | 110.00 | OK | |||
r-oldrel-macos-x86_64 | 0.6.1 | 308.00 | OK | |||
r-oldrel-windows-x86_64 | 0.6.1 | 36.00 | 317.00 | 353.00 | OK |
Version: 0.6.1
Check: data for non-ASCII characters
Result: NOTE
Note: found 40733 marked UTF-8 strings
Flavors: r-devel-linux-x86_64-fedora-clang, r-devel-linux-x86_64-fedora-gcc