Last updated on 2024-05-21 03:55:32 CEST.
Flavor | Version | Tinstall | Tcheck | Ttotal | Status | Flags |
---|---|---|---|---|---|---|
r-devel-linux-x86_64-debian-clang | 0.1.0 | 3.65 | 39.45 | 43.10 | OK | |
r-devel-linux-x86_64-debian-gcc | 0.1.0 | 3.73 | 30.27 | 34.00 | OK | |
r-devel-linux-x86_64-fedora-clang | 0.1.0 | 56.51 | NOTE | |||
r-devel-linux-x86_64-fedora-gcc | 0.1.0 | 81.02 | NOTE | |||
r-devel-windows-x86_64 | 0.1.0 | 4.00 | 61.00 | 65.00 | OK | |
r-patched-linux-x86_64 | 0.1.0 | 4.80 | 37.63 | 42.43 | OK | |
r-release-linux-x86_64 | 0.1.0 | 3.51 | 38.42 | 41.93 | OK | |
r-release-macos-arm64 | 0.1.0 | 32.00 | OK | |||
r-release-windows-x86_64 | 0.1.0 | 4.00 | 61.00 | 65.00 | OK | |
r-oldrel-macos-arm64 | 0.1.0 | 33.00 | OK | |||
r-oldrel-macos-x86_64 | 0.1.0 | 50.00 | OK | |||
r-oldrel-windows-x86_64 | 0.1.0 | 6.00 | 61.00 | 67.00 | OK |
Version: 0.1.0
Check: dependencies in R code
Result: NOTE
Namespace in Imports field not imported from: ‘Matrix’
All declared Imports should be used.
Flavors: r-devel-linux-x86_64-fedora-clang, r-devel-linux-x86_64-fedora-gcc