Last updated on 2024-05-11 03:52:11 CEST.
Flavor | Version | Tinstall | Tcheck | Ttotal | Status | Flags |
---|---|---|---|---|---|---|
r-devel-linux-x86_64-debian-clang | 0.1.0 | 3.14 | 34.43 | 37.57 | NOTE | |
r-devel-linux-x86_64-debian-gcc | 0.1.0 | 2.77 | 26.16 | 28.93 | NOTE | |
r-devel-linux-x86_64-fedora-clang | 0.1.0 | 49.67 | NOTE | |||
r-devel-linux-x86_64-fedora-gcc | 0.1.0 | 57.42 | NOTE | |||
r-devel-windows-x86_64 | 0.1.0 | 5.00 | 56.00 | 61.00 | NOTE | |
r-patched-linux-x86_64 | 0.1.0 | 2.57 | 32.70 | 35.27 | NOTE | |
r-release-linux-x86_64 | 0.1.0 | 3.35 | 32.89 | 36.24 | NOTE | |
r-release-macos-arm64 | 0.1.0 | 20.00 | NOTE | |||
r-release-windows-x86_64 | 0.1.0 | 5.00 | 55.00 | 60.00 | NOTE | |
r-oldrel-macos-arm64 | 0.1.0 | 20.00 | OK | |||
r-oldrel-macos-x86_64 | 0.1.0 | 26.00 | OK | |||
r-oldrel-windows-x86_64 | 0.1.0 | 5.00 | 55.00 | 60.00 | OK |
Version: 0.1.0
Check: Rd files
Result: NOTE
checkRd: (-1) sample2indp.pow.Rd:48: Lost braces
48 | Pooled standard deviation= \code{sp} = sqrt{((n1 - 1) sigma1^2 +(n2 - 1) sigma2^2) / (n1 + n2 - 2)}
| ^
Flavors: r-devel-linux-x86_64-debian-clang, r-devel-linux-x86_64-debian-gcc, r-devel-linux-x86_64-fedora-clang, r-devel-linux-x86_64-fedora-gcc, r-devel-windows-x86_64, r-patched-linux-x86_64, r-release-linux-x86_64, r-release-macos-arm64, r-release-windows-x86_64