Last updated on 2024-05-21 03:55:33 CEST.
Flavor | Version | Tinstall | Tcheck | Ttotal | Status | Flags |
---|---|---|---|---|---|---|
r-devel-linux-x86_64-debian-clang | 3.1.0 | 10.09 | 120.91 | 131.00 | OK | |
r-devel-linux-x86_64-debian-gcc | 3.1.0 | 6.39 | 88.05 | 94.44 | OK | |
r-devel-linux-x86_64-fedora-clang | 3.1.0 | 159.55 | NOTE | |||
r-devel-linux-x86_64-fedora-gcc | 3.1.0 | 162.36 | NOTE | |||
r-devel-windows-x86_64 | 3.1.0 | 8.00 | 101.00 | 109.00 | OK | |
r-patched-linux-x86_64 | 3.1.0 | 8.48 | 113.88 | 122.36 | OK | |
r-release-linux-x86_64 | 3.1.0 | 7.57 | 114.06 | 121.63 | OK | |
r-release-macos-arm64 | 3.1.0 | 54.00 | OK | |||
r-release-macos-x86_64 | 3.1.0 | 153.00 | OK | |||
r-release-windows-x86_64 | 3.1.0 | 9.00 | 100.00 | 109.00 | OK | |
r-oldrel-macos-arm64 | 3.1.0 | 66.00 | OK | |||
r-oldrel-macos-x86_64 | 3.1.0 | 146.00 | OK | |||
r-oldrel-windows-x86_64 | 3.1.0 | 11.00 | 115.00 | 126.00 | OK |
Version: 3.1.0
Check: data for non-ASCII characters
Result: NOTE
Note: found 36 marked UTF-8 strings
Flavors: r-devel-linux-x86_64-fedora-clang, r-devel-linux-x86_64-fedora-gcc