Last updated on 2024-05-21 15:50:42 CEST.
Flavor | Version | Tinstall | Tcheck | Ttotal | Status | Flags |
---|---|---|---|---|---|---|
r-devel-linux-x86_64-debian-clang | 0.2.0 | 43.92 | 202.05 | 245.97 | NOTE | |
r-devel-linux-x86_64-debian-gcc | 0.2.0 | 35.80 | 331.64 | 367.44 | NOTE | |
r-devel-linux-x86_64-fedora-clang | 0.2.0 | 340.88 | NOTE | |||
r-devel-linux-x86_64-fedora-gcc | 0.2.0 | 376.61 | NOTE | |||
r-devel-windows-x86_64 | 0.2.0 | 39.00 | 196.00 | 235.00 | NOTE | |
r-patched-linux-x86_64 | 0.2.0 | 50.20 | 277.05 | 327.25 | NOTE | |
r-release-linux-x86_64 | 0.2.0 | 46.23 | 313.83 | 360.06 | NOTE | |
r-release-macos-arm64 | 0.2.0 | 80.00 | NOTE | |||
r-release-windows-x86_64 | 0.2.0 | 40.00 | 193.00 | 233.00 | NOTE | |
r-oldrel-macos-arm64 | 0.2.0 | 90.00 | NOTE | |||
r-oldrel-macos-x86_64 | 0.2.0 | 139.00 | NOTE | |||
r-oldrel-windows-x86_64 | 0.2.0 | 47.00 | 232.00 | 279.00 | NOTE |
Version: 0.2.0
Check: C++ specification
Result: NOTE
Specified C++11: please drop specification unless essential
Flavors: r-devel-linux-x86_64-debian-clang, r-devel-linux-x86_64-debian-gcc, r-devel-linux-x86_64-fedora-clang, r-devel-linux-x86_64-fedora-gcc, r-devel-windows-x86_64, r-patched-linux-x86_64, r-release-linux-x86_64, r-release-macos-arm64, r-release-windows-x86_64, r-oldrel-macos-arm64, r-oldrel-macos-x86_64, r-oldrel-windows-x86_64
Version: 0.2.0
Check: dependencies in R code
Result: NOTE
Namespaces in Imports field not imported from:
‘gridExtra’ ‘reshape2’ ‘truncnorm’ ‘xtable’
All declared Imports should be used.
Flavors: r-devel-linux-x86_64-fedora-clang, r-devel-linux-x86_64-fedora-gcc